Last updated on 2024-04-19 01:58:38 CEST.
Flavor | Version | Tinstall | Tcheck | Ttotal | Status | Flags |
---|---|---|---|---|---|---|
r-devel-linux-x86_64-debian-clang | 0.2.3 | 2.31 | 41.30 | 43.61 | OK | |
r-devel-linux-x86_64-debian-gcc | 0.2.3 | 1.80 | 31.97 | 33.77 | OK | |
r-devel-linux-x86_64-fedora-clang | 0.2.3 | 58.78 | NOTE | |||
r-devel-linux-x86_64-fedora-gcc | 0.2.3 | 71.14 | NOTE | |||
r-prerel-macos-arm64 | 0.2.3 | 58.00 | OK | |||
r-prerel-windows-x86_64 | 0.2.3 | 5.00 | 85.00 | 90.00 | OK | |
r-patched-linux-x86_64 | 0.2.3 | 2.98 | 40.91 | 43.89 | OK | |
r-release-linux-x86_64 | 0.2.3 | 1.68 | 39.24 | 40.92 | OK | |
r-release-macos-arm64 | 0.2.3 | 71.00 | OK | |||
r-release-macos-x86_64 | 0.2.3 | 65.00 | OK | |||
r-release-windows-x86_64 | 0.2.3 | 4.00 | 92.00 | 96.00 | OK | |
r-oldrel-macos-arm64 | 0.2.3 | 52.00 | NOTE | |||
r-oldrel-windows-x86_64 | 0.2.3 | 4.00 | 89.00 | 93.00 | OK |
Version: 0.2.3
Check: dependencies in R code
Result: NOTE
Namespace in Imports field not imported from: ‘dbplyr’
All declared Imports should be used.
Flavors: r-devel-linux-x86_64-fedora-clang, r-devel-linux-x86_64-fedora-gcc, r-oldrel-macos-arm64