CRAN Package Check Results for Package childsds

Last updated on 2022-01-17 01:48:17 CET.

Flavor Version Tinstall Tcheck Ttotal Status Flags
r-devel-linux-x86_64-debian-clang 0.7.6 6.57 63.27 69.84 OK
r-devel-linux-x86_64-debian-gcc 0.7.6 6.49 52.52 59.01 OK
r-devel-linux-x86_64-fedora-clang 0.7.6 91.31 NOTE
r-devel-linux-x86_64-fedora-gcc 0.7.6 72.74 NOTE
r-devel-windows-x86_64-new-UL 0.7.6 60.00 92.00 152.00 OK
r-devel-windows-x86_64-new-TK 0.7.6 NOTE
r-patched-linux-x86_64 0.7.6 6.12 60.16 66.28 OK
r-release-linux-x86_64 0.7.6 OK
r-release-macos-arm64 0.7.6 NOTE
r-release-macos-x86_64 0.7.6 NOTE
r-release-windows-ix86+x86_64 0.7.6 19.00 72.00 91.00 OK
r-oldrel-macos-x86_64 0.7.6 NOTE
r-oldrel-windows-ix86+x86_64 0.7.6 18.00 77.00 95.00 OK

Check Details

Version: 0.7.6
Check: dependencies in R code
Result: NOTE
    Namespace in Imports field not imported from: ‘gamlss.dist’
     All declared Imports should be used.
Flavors: r-devel-linux-x86_64-fedora-clang, r-devel-linux-x86_64-fedora-gcc, r-devel-windows-x86_64-new-TK, r-release-macos-arm64, r-release-macos-x86_64, r-oldrel-macos-x86_64

Version: 0.7.6
Check: data for non-ASCII characters
Result: NOTE
     Note: found 29 marked UTF-8 strings
Flavors: r-devel-linux-x86_64-fedora-clang, r-devel-linux-x86_64-fedora-gcc, r-devel-windows-x86_64-new-TK, r-release-macos-arm64, r-release-macos-x86_64, r-oldrel-macos-x86_64