Last updated on 2024-08-16 01:48:14 CEST.
Flavor | Version | Tinstall | Tcheck | Ttotal | Status | Flags |
---|---|---|---|---|---|---|
r-devel-linux-x86_64-debian-clang | 0.75 | 34.07 | 234.68 | 268.75 | NOTE | |
r-devel-linux-x86_64-debian-gcc | 0.75 | 22.41 | 158.78 | 181.19 | NOTE | |
r-devel-linux-x86_64-fedora-clang | 0.75 | 452.16 | NOTE | |||
r-devel-linux-x86_64-fedora-gcc | 0.75 | 431.14 | OK | |||
r-devel-windows-x86_64 | 0.75 | 38.00 | 283.00 | 321.00 | NOTE | |
r-patched-linux-x86_64 | 0.75 | 38.74 | 220.94 | 259.68 | OK | |
r-release-linux-x86_64 | 0.75 | 29.54 | 225.25 | 254.79 | OK | |
r-release-macos-arm64 | 0.75 | 121.00 | OK | |||
r-release-macos-x86_64 | 0.75 | 185.00 | OK | |||
r-release-windows-x86_64 | 0.75 | 42.00 | 282.00 | 324.00 | OK | |
r-oldrel-macos-arm64 | 0.75 | 123.00 | OK | |||
r-oldrel-macos-x86_64 | 0.75 | 315.00 | OK | |||
r-oldrel-windows-x86_64 | 0.75 | 49.00 | 362.00 | 411.00 | OK |
Version: 0.75
Check: Rd cross-references
Result: NOTE
Found the following Rd file(s) with Rd \link{} targets missing package
anchors:
chillR-package.Rd: ggplot2
plot_phenology_trends.Rd: fields, ggplot2
plot_scenarios.Rd: ggplot2, patchwork
Please provide package anchors for all Rd \link{} targets not in the
package itself and the base packages.
Flavors: r-devel-linux-x86_64-debian-clang, r-devel-linux-x86_64-debian-gcc, r-devel-windows-x86_64
Version: 0.75
Check: package dependencies
Result: NOTE
Imports includes 29 non-default packages.
Importing from so many packages makes the package vulnerable to any of
them becoming unavailable. Move as many as possible to Suggests and
use conditionally.
Flavor: r-devel-linux-x86_64-fedora-clang