Last updated on 2024-08-16 01:48:14 CEST.
Flavor | Version | Tinstall | Tcheck | Ttotal | Status | Flags |
---|---|---|---|---|---|---|
r-devel-linux-x86_64-debian-clang | 0.2.1 | 10.48 | 79.97 | 90.45 | NOTE | |
r-devel-linux-x86_64-debian-gcc | 0.2.1 | 7.34 | 57.55 | 64.89 | NOTE | |
r-devel-linux-x86_64-fedora-clang | 0.2.1 | 146.54 | NOTE | |||
r-devel-linux-x86_64-fedora-gcc | 0.2.1 | 134.96 | NOTE | |||
r-devel-windows-x86_64 | 0.2.1 | 12.00 | 127.00 | 139.00 | NOTE | |
r-patched-linux-x86_64 | 0.2.1 | 9.46 | 75.34 | 84.80 | NOTE | |
r-release-linux-x86_64 | 0.2.1 | 9.17 | 75.22 | 84.39 | NOTE | |
r-release-macos-arm64 | 0.2.1 | 47.00 | NOTE | |||
r-release-macos-x86_64 | 0.2.1 | 66.00 | NOTE | |||
r-release-windows-x86_64 | 0.2.1 | 12.00 | 130.00 | 142.00 | NOTE | |
r-oldrel-macos-arm64 | 0.2.1 | 43.00 | NOTE | |||
r-oldrel-macos-x86_64 | 0.2.1 | 62.00 | NOTE | |||
r-oldrel-windows-x86_64 | 0.2.1 | 14.00 | 123.00 | 137.00 | NOTE |
Version: 0.2.1
Check: package dependencies
Result: NOTE
Package suggested but not available for checking: ‘entab’
Flavors: r-devel-linux-x86_64-debian-clang, r-devel-linux-x86_64-debian-gcc, r-devel-linux-x86_64-fedora-clang, r-devel-linux-x86_64-fedora-gcc, r-devel-windows-x86_64, r-patched-linux-x86_64, r-release-linux-x86_64, r-release-macos-arm64, r-release-macos-x86_64, r-release-windows-x86_64, r-oldrel-windows-x86_64
Version: 0.2.1
Check: dependencies in R code
Result: NOTE
Namespace in Imports field not imported from: ‘readr’
All declared Imports should be used.
Flavors: r-devel-linux-x86_64-fedora-clang, r-devel-linux-x86_64-fedora-gcc
Version: 0.2.1
Check: package dependencies
Result: NOTE
Packages suggested but not available for checking: 'entab', 'mzR'
Flavors: r-oldrel-macos-arm64, r-oldrel-macos-x86_64