Last updated on 2023-06-10 01:50:00 CEST.
Flavor | Version | Tinstall | Tcheck | Ttotal | Status | Flags |
---|---|---|---|---|---|---|
r-devel-linux-x86_64-debian-clang | 0.3 | 6.43 | 72.22 | 78.65 | OK | |
r-devel-linux-x86_64-debian-gcc | 0.3 | 4.20 | 53.24 | 57.44 | OK | |
r-devel-linux-x86_64-fedora-clang | 0.3 | 94.68 | NOTE | |||
r-devel-linux-x86_64-fedora-gcc | 0.3 | 101.57 | NOTE | |||
r-devel-windows-x86_64 | 0.3 | 6.00 | 78.00 | 84.00 | OK | |
r-patched-linux-x86_64 | 0.3 | 5.98 | 65.46 | 71.44 | OK | |
r-release-linux-x86_64 | 0.3 | 5.09 | 65.45 | 70.54 | OK | |
r-release-macos-arm64 | 0.3 | 37.00 | OK | |||
r-release-macos-x86_64 | 0.3 | 50.00 | OK | |||
r-release-windows-x86_64 | 0.3 | 9.00 | 91.00 | 100.00 | OK | |
r-oldrel-macos-arm64 | 0.3 | 32.00 | NOTE | |||
r-oldrel-macos-x86_64 | 0.3 | 51.00 | NOTE | |||
r-oldrel-windows-x86_64 | 0.3 | 9.00 | 89.00 | 98.00 | OK |
Version: 0.3
Check: dependencies in R code
Result: NOTE
Namespaces in Imports field not imported from:
‘DT’ ‘dplyr’ ‘prettydoc’ ‘rmdformats’ ‘skimr’
All declared Imports should be used.
Flavors: r-devel-linux-x86_64-fedora-clang, r-devel-linux-x86_64-fedora-gcc, r-oldrel-macos-arm64, r-oldrel-macos-x86_64