Last updated on 2022-05-25 02:52:15 CEST.
Flavor | Version | Tinstall | Tcheck | Ttotal | Status | Flags |
---|---|---|---|---|---|---|
r-devel-linux-x86_64-debian-clang | 0.9.0 | 20.36 | 109.85 | 130.21 | OK | |
r-devel-linux-x86_64-debian-gcc | 0.9.0 | 16.02 | 83.99 | 100.01 | OK | |
r-devel-linux-x86_64-fedora-clang | 0.9.0 | 102.21 | NOTE | |||
r-devel-linux-x86_64-fedora-gcc | 0.9.0 | 153.32 | OK | |||
r-devel-windows-x86_64 | 0.9.0 | 123.00 | 129.00 | 252.00 | NOTE | |
r-patched-linux-x86_64 | 0.9.0 | 21.52 | 106.70 | 128.22 | OK | |
r-release-linux-x86_64 | 0.9.0 | OK | ||||
r-release-macos-arm64 | 0.9.0 | 42.00 | NOTE | |||
r-release-macos-x86_64 | 0.9.0 | 59.00 | NOTE | |||
r-release-windows-x86_64 | 0.9.0 | 148.00 | 116.00 | 264.00 | NOTE | |
r-oldrel-macos-arm64 | 0.9.0 | 45.00 | NOTE | |||
r-oldrel-macos-x86_64 | 0.9.0 | 58.00 | NOTE | |||
r-oldrel-windows-ix86+x86_64 | 0.9.0 | 37.00 | 118.00 | 155.00 | NOTE |
Version: 0.9.0
Check: installed package size
Result: NOTE
installed size is 6.5Mb
sub-directories of 1Mb or more:
R 1.7Mb
extdata 4.3Mb
Flavors: r-devel-linux-x86_64-fedora-clang, r-devel-windows-x86_64, r-release-macos-arm64, r-release-macos-x86_64, r-release-windows-x86_64, r-oldrel-macos-arm64, r-oldrel-macos-x86_64, r-oldrel-windows-ix86+x86_64