Last updated on 2024-04-24 01:52:06 CEST.
Flavor | Version | Tinstall | Tcheck | Ttotal | Status | Flags |
---|---|---|---|---|---|---|
r-devel-linux-x86_64-debian-clang | 0.2.3 | 2.25 | 2.25 | ERROR | ||
r-devel-linux-x86_64-debian-gcc | 0.2.3 | 1.79 | 1.79 | ERROR | ||
r-devel-linux-x86_64-fedora-clang | 0.2.3 | 221.66 | OK | |||
r-devel-linux-x86_64-fedora-gcc | 0.2.3 | 229.54 | OK | |||
r-prerel-macos-arm64 | 0.2.3 | 5.00 | ERROR | |||
r-prerel-macos-x86_64 | 0.2.3 | 7.00 | ERROR | |||
r-prerel-windows-x86_64 | 0.2.3 | 11.00 | 127.00 | 138.00 | OK | |
r-patched-linux-x86_64 | 0.2.3 | 7.44 | 153.16 | 160.60 | OK | |
r-release-linux-x86_64 | 0.2.3 | 8.59 | 160.91 | 169.50 | OK | |
r-release-macos-arm64 | 0.2.3 | 6.00 | ERROR | |||
r-release-macos-x86_64 | 0.2.3 | 6.00 | ERROR | |||
r-release-windows-x86_64 | 0.2.3 | 12.00 | 161.00 | 173.00 | OK | |
r-oldrel-macos-arm64 | 0.2.3 | 12.00 | ERROR | |||
r-oldrel-windows-x86_64 | 0.2.3 | 12.00 | 166.00 | 178.00 | OK |
Version: 0.2.3
Check: package dependencies
Result: ERROR
Package required but not available: ‘sva’
See section ‘The DESCRIPTION file’ in the ‘Writing R Extensions’
manual.
Flavors: r-devel-linux-x86_64-debian-clang, r-devel-linux-x86_64-debian-gcc
Version: 0.2.3
Check: package dependencies
Result: ERROR
Packages required but not available:
'ChIPseeker', 'TxDb.Hsapiens.UCSC.hg38.knownGene',
'TxDb.Hsapiens.UCSC.hg19.knownGene',
'TxDb.Mmusculus.UCSC.mm10.knownGene'
See section ‘The DESCRIPTION file’ in the ‘Writing R Extensions’
manual.
Flavors: r-prerel-macos-arm64, r-prerel-macos-x86_64
Version: 0.2.3
Check: package dependencies
Result: ERROR
Packages required but not available:
'ChIPseeker', 'TxDb.Hsapiens.UCSC.hg38.knownGene'
See section ‘The DESCRIPTION file’ in the ‘Writing R Extensions’
manual.
Flavor: r-release-macos-arm64
Version: 0.2.3
Check: package dependencies
Result: ERROR
Packages required but not available:
'TxDb.Hsapiens.UCSC.hg38.knownGene',
'TxDb.Mmusculus.UCSC.mm10.knownGene'
See section ‘The DESCRIPTION file’ in the ‘Writing R Extensions’
manual.
Flavor: r-release-macos-x86_64
Version: 0.2.3
Check: package dependencies
Result: ERROR
Packages required but not available:
'ChIPseeker', 'TxDb.Hsapiens.UCSC.hg38.knownGene',
'TxDb.Mmusculus.UCSC.mm10.knownGene'
See section ‘The DESCRIPTION file’ in the ‘Writing R Extensions’
manual.
Flavor: r-oldrel-macos-arm64