Last updated on 2025-04-30 02:50:34 CEST.
Flavor | Version | Tinstall | Tcheck | Ttotal | Status | Flags |
---|---|---|---|---|---|---|
r-devel-linux-x86_64-debian-clang | 0.4.1 | 1.95 | 24.92 | 26.87 | NOTE | |
r-devel-linux-x86_64-debian-gcc | 0.4.1 | 1.43 | 18.02 | 19.45 | NOTE | |
r-devel-linux-x86_64-fedora-clang | 0.4.1 | 44.56 | OK | |||
r-devel-linux-x86_64-fedora-gcc | 0.4.1 | 40.02 | OK | |||
r-devel-windows-x86_64 | 0.4.1 | 3.00 | 49.00 | 52.00 | NOTE | |
r-patched-linux-x86_64 | 0.4.1 | 1.66 | 23.79 | 25.45 | NOTE | |
r-release-linux-x86_64 | 0.4.1 | 1.85 | 23.52 | 25.37 | NOTE | |
r-release-macos-arm64 | 0.4.1 | 21.00 | OK | |||
r-release-macos-x86_64 | 0.4.1 | 28.00 | OK | |||
r-release-windows-x86_64 | 0.4.1 | 3.00 | 48.00 | 51.00 | NOTE | |
r-oldrel-macos-arm64 | 0.4.1 | 20.00 | OK | |||
r-oldrel-macos-x86_64 | 0.4.1 | 26.00 | OK | |||
r-oldrel-windows-x86_64 | 0.4.1 | 3.00 | 51.00 | 54.00 | OK |
Version: 0.4.1
Check: CRAN incoming feasibility
Result: NOTE
Maintainer: ‘Hadley Wickham <h.wickham@gmail.com>’
No Authors@R field in DESCRIPTION.
Please add one, modifying
Authors@R: person(given = "Hadley",
family = "Wickham",
role = c("aut", "cre"),
email = "h.wickham@gmail.com")
as necessary.
Flavors: r-devel-linux-x86_64-debian-clang, r-devel-linux-x86_64-debian-gcc
Version: 0.4.1
Check: Rd cross-references
Result: NOTE
Found the following Rd file(s) with Rd \link{} targets missing package
anchors:
generate_classification_data.Rd: knn
Please provide package anchors for all Rd \link{} targets not in the
package itself and the base packages.
Flavors: r-devel-linux-x86_64-debian-clang, r-devel-linux-x86_64-debian-gcc, r-devel-windows-x86_64, r-patched-linux-x86_64, r-release-linux-x86_64, r-release-windows-x86_64
Version: 0.4.1
Check: examples
Result: NOTE
Examples with CPU (user + system) or elapsed time > 5s
user system elapsed
classifly 4.397 0.13 5.884
Flavor: r-devel-linux-x86_64-debian-clang