Last updated on 2024-08-16 01:48:15 CEST.
Flavor | Version | Tinstall | Tcheck | Ttotal | Status | Flags |
---|---|---|---|---|---|---|
r-devel-linux-x86_64-debian-clang | 0.5.2 | 3.85 | 44.01 | 47.86 | OK | |
r-devel-linux-x86_64-debian-gcc | 0.5.2 | 3.26 | 33.00 | 36.26 | OK | |
r-devel-linux-x86_64-fedora-clang | 0.5.2 | 78.13 | NOTE | |||
r-devel-linux-x86_64-fedora-gcc | 0.5.2 | 88.45 | NOTE | |||
r-devel-windows-x86_64 | 0.5.2 | 8.00 | 85.00 | 93.00 | OK | |
r-patched-linux-x86_64 | 0.5.2 | 4.51 | 42.01 | 46.52 | OK | |
r-release-linux-x86_64 | 0.5.2 | 4.32 | 42.52 | 46.84 | OK | |
r-release-macos-arm64 | 0.5.2 | 57.00 | OK | |||
r-release-macos-x86_64 | 0.5.2 | 59.00 | OK | |||
r-release-windows-x86_64 | 0.5.2 | 8.00 | 85.00 | 93.00 | OK | |
r-oldrel-macos-arm64 | 0.5.2 | 45.00 | OK | |||
r-oldrel-macos-x86_64 | 0.5.2 | 60.00 | OK | |||
r-oldrel-windows-x86_64 | 0.5.2 | 11.00 | 93.00 | 104.00 | OK |
Version: 0.5.2
Check: data for non-ASCII characters
Result: NOTE
Note: found 10332 marked UTF-8 strings
Flavors: r-devel-linux-x86_64-fedora-clang, r-devel-linux-x86_64-fedora-gcc