Last updated on 2025-11-07 01:51:14 CET.
| Flavor | Version | Tinstall | Tcheck | Ttotal | Status | Flags |
|---|---|---|---|---|---|---|
| r-devel-linux-x86_64-debian-clang | 1.2.32 | 20.26 | 274.02 | 294.28 | OK | |
| r-devel-linux-x86_64-debian-gcc | 1.2.32 | 14.85 | 213.40 | 228.25 | ERROR | |
| r-devel-linux-x86_64-fedora-clang | 1.2.32 | 40.00 | 417.87 | 457.87 | OK | |
| r-devel-linux-x86_64-fedora-gcc | 1.2.32 | 51.00 | 506.38 | 557.38 | OK | |
| r-devel-windows-x86_64 | 1.2.32 | 23.00 | 304.00 | 327.00 | OK | |
| r-patched-linux-x86_64 | 1.2.32 | 20.24 | 297.90 | 318.14 | OK | |
| r-release-linux-x86_64 | 1.2.32 | 20.67 | 296.77 | 317.44 | OK | |
| r-release-macos-arm64 | 1.2.32 | 8.00 | 135.00 | 143.00 | OK | |
| r-release-macos-x86_64 | 1.2.32 | 19.00 | 329.00 | 348.00 | OK | |
| r-release-windows-x86_64 | 1.2.32 | 22.00 | 307.00 | 329.00 | OK | |
| r-oldrel-macos-arm64 | 1.2.32 | 8.00 | 141.00 | 149.00 | OK | |
| r-oldrel-macos-x86_64 | 1.2.32 | 17.00 | 277.00 | 294.00 | OK | |
| r-oldrel-windows-x86_64 | 1.2.32 | 30.00 | 410.00 | 440.00 | OK |
Version: 1.2.32
Check: tests
Result: ERROR
Running ‘testthat.R’ [94s/123s]
Running the tests in ‘tests/testthat.R’ failed.
Complete output:
> library(testthat)
> library(climwin)
>
> test_check("climwin")
|
| | 0%
|
| | 0%
|
| | 0%
|
| | 0%
|
| | 0%
|
| | 0%
|
| | 0%
|
| | 0%
|
| | 0%
|
| | 0%
|
| | 0%
|
| | 0%
|
| | 0%
|
| | 0%
|
| | 0%
|
| | 0%
|
| | 0%
|
| | 0%
|
| | 0%
|
| | 0%
|
| | 0%
|
| | 0%
|
| | 0%
|
| | 0%
|
| | 0%
|
| | 0%
|
| | 0%
|
| | 0%
|
| | 0%
|
| | 0%
|
| | 0%
|
| | 0%
|
| | 0%
|
| | 0%
|
| | 0%
|
| | 0%
|
| | 0%
|
| | 0%
|
| | 0%
|
| | 0%
|
| | 0%
|
| | 0%
|
| | 0%
|
| | 0%
|
| | 0%
|
| | 0%
|
| | 0%
|
| | 0%
|
| | 0%
|
| | 0%
|
| | 0%
|
| | 0%
|
| | 0%
|
| | 0%
|
| | 0%
|
| | 0%
|
| | 0%
|
| | 0%
|
| | 0%
|
| | 0%
|
| | 0%
|
| | 0%
|
| | 0%
|
| | 0%
|
| | 0%
|
| | 0%
|
| | 0%
|
| | 0%
|
| | 0%
|
| | 0%
|
| | 0%
|
| | 0%
|
| | 0%
|
| | 0%
|
| | 0%
|
| | 0%
|
| | 0%
|
| | 0%
|
| | 0%
|
| | 0%
|
| | 0%
|
| | 0%
|
| | 0%
|
| | 0%
|
| | 0%
|
| | 0%
|
| | 0%[ FAIL 1 | WARN 0 | SKIP 0 | PASS 799 ]
══ Failed tests ════════════════════════════════════════════════════════════════
── Failure ('testpvalue.R:23:3'): pvalue produces Pc metric ────────────────────
round(testpvalue, 2) == 0.96 is not TRUE
`actual`: FALSE
`expected`: TRUE
[ FAIL 1 | WARN 0 | SKIP 0 | PASS 799 ]
Error: Test failures
Execution halted
Flavor: r-devel-linux-x86_64-debian-gcc