Last updated on 2024-04-24 01:52:06 CEST.
Flavor | Version | Tinstall | Tcheck | Ttotal | Status | Flags |
---|---|---|---|---|---|---|
r-devel-linux-x86_64-debian-clang | 0.3-65 | 10.36 | 91.13 | 101.49 | OK | |
r-devel-linux-x86_64-debian-gcc | 0.3-65 | 7.89 | 65.82 | 73.71 | OK | |
r-devel-linux-x86_64-fedora-clang | 0.3-65 | 134.60 | NOTE | |||
r-devel-linux-x86_64-fedora-gcc | 0.3-65 | 145.53 | OK | |||
r-prerel-macos-arm64 | 0.3-65 | 39.00 | OK | |||
r-prerel-windows-x86_64 | 0.3-65 | 13.00 | 112.00 | 125.00 | OK | |
r-patched-linux-x86_64 | 0.3-65 | 12.18 | 86.24 | 98.42 | OK | |
r-release-linux-x86_64 | 0.3-65 | 11.46 | 85.08 | 96.54 | OK | |
r-release-macos-arm64 | 0.3-65 | 63.00 | OK | |||
r-release-macos-x86_64 | 0.3-65 | 154.00 | OK | |||
r-release-windows-x86_64 | 0.3-65 | 12.00 | 117.00 | 129.00 | OK | |
r-oldrel-macos-arm64 | 0.3-65 | 58.00 | OK | |||
r-oldrel-windows-x86_64 | 0.3-65 | 16.00 | 122.00 | 138.00 | OK |
Version: 0.3-65
Check: Rd cross-references
Result: NOTE
Undeclared packages ‘mlbench’, ‘fpc’ in Rd xrefs
Flavor: r-devel-linux-x86_64-fedora-clang