CRAN Package Check Results for Package clustEff

Last updated on 2022-05-18 01:49:48 CEST.

Flavor Version Tinstall Tcheck Ttotal Status Flags
r-devel-linux-x86_64-debian-clang 0.2.0 17.55 155.27 172.82 NOTE
r-devel-linux-x86_64-debian-gcc 0.2.0 13.18 111.84 125.02 NOTE
r-devel-linux-x86_64-fedora-clang 0.2.0 196.82 NOTE
r-devel-linux-x86_64-fedora-gcc 0.2.0 191.51 NOTE
r-devel-windows-x86_64 0.2.0 23.00 154.00 177.00 NOTE
r-patched-linux-x86_64 0.2.0 13.70 145.10 158.80 NOTE
r-release-linux-x86_64 0.2.0 14.56 142.95 157.51 NOTE
r-release-macos-arm64 0.2.0 51.00 NOTE
r-release-macos-x86_64 0.2.0 90.00 NOTE
r-release-windows-x86_64 0.2.0 26.00 154.00 180.00 NOTE
r-oldrel-macos-arm64 0.2.0 65.00 NOTE
r-oldrel-macos-x86_64 0.2.0 110.00 NOTE
r-oldrel-windows-ix86+x86_64 0.2.0 38.00 153.00 191.00 NOTE

Additional issues

donttest

Check Details

Version: 0.2.0
Check: LazyData
Result: NOTE
     'LazyData' is specified without a 'data' directory
Flavors: r-devel-linux-x86_64-debian-clang, r-devel-linux-x86_64-debian-gcc, r-devel-linux-x86_64-fedora-clang, r-devel-linux-x86_64-fedora-gcc, r-devel-windows-x86_64, r-patched-linux-x86_64, r-release-linux-x86_64, r-release-macos-arm64, r-release-macos-x86_64, r-release-windows-x86_64, r-oldrel-macos-arm64, r-oldrel-macos-x86_64, r-oldrel-windows-ix86+x86_64