Last updated on 2025-04-30 01:50:14 CEST.
Flavor | Version | Tinstall | Tcheck | Ttotal | Status | Flags |
---|---|---|---|---|---|---|
r-devel-linux-x86_64-debian-clang | 0.3.1 | 16.79 | 128.89 | 145.68 | NOTE | |
r-devel-linux-x86_64-debian-gcc | 0.3.1 | 11.23 | 85.43 | 96.66 | OK | |
r-devel-linux-x86_64-fedora-clang | 0.3.1 | 215.72 | OK | |||
r-devel-linux-x86_64-fedora-gcc | 0.3.1 | 198.53 | OK | |||
r-devel-windows-x86_64 | 0.3.1 | 18.00 | 131.00 | 149.00 | OK | |
r-patched-linux-x86_64 | 0.3.1 | 15.66 | 120.33 | 135.99 | OK | |
r-release-linux-x86_64 | 0.3.1 | 14.92 | 120.30 | 135.22 | OK | |
r-release-macos-arm64 | 0.3.1 | 58.00 | OK | |||
r-release-macos-x86_64 | 0.3.1 | 108.00 | OK | |||
r-release-windows-x86_64 | 0.3.1 | 17.00 | 127.00 | 144.00 | OK | |
r-oldrel-macos-arm64 | 0.3.1 | 59.00 | OK | |||
r-oldrel-macos-x86_64 | 0.3.1 | 88.00 | OK | |||
r-oldrel-windows-x86_64 | 0.3.1 | 23.00 | 163.00 | 186.00 | OK |
Version: 0.3.1
Check: examples
Result: NOTE
Examples with CPU (user + system) or elapsed time > 5s
user system elapsed
clustEff-package 6.961 0.312 8.474
opt.fpcac 6.044 0.054 7.272
Flavor: r-devel-linux-x86_64-debian-clang