CRAN Package Check Results for Package clusterSEs

Last updated on 2020-02-25 11:49:52 CET.

Flavor Version Tinstall Tcheck Ttotal Status Flags
r-devel-linux-x86_64-debian-clang 2.6.2 14.30 96.58 110.88 OK
r-devel-linux-x86_64-debian-gcc 2.6.2 11.01 74.19 85.20 OK
r-devel-linux-x86_64-fedora-clang 2.6.2 130.27 WARN
r-devel-linux-x86_64-fedora-gcc 2.6.2 134.49 OK
r-devel-windows-ix86+x86_64 2.6.2 33.00 97.00 130.00 OK
r-devel-windows-ix86+x86_64-gcc8 2.6.2 34.00 100.00 134.00 OK
r-patched-linux-x86_64 2.6.2 10.85 84.38 95.23 OK
r-patched-solaris-x86 2.6.2 178.80 OK
r-release-linux-x86_64 2.6.2 9.71 83.96 93.67 OK
r-release-windows-ix86+x86_64 2.6.2 23.00 93.00 116.00 OK
r-release-osx-x86_64 2.6.2 OK
r-oldrel-windows-ix86+x86_64 2.6.2 15.00 98.00 113.00 OK
r-oldrel-osx-x86_64 2.6.2 OK

Check Details

Version: 2.6.2
Check: package dependencies
Result: WARN
    Requires orphaned package: ‘mlogit’
Flavor: r-devel-linux-x86_64-fedora-clang