Last updated on 2025-10-31 01:48:53 CET.
| Flavor | Version | Tinstall | Tcheck | Ttotal | Status | Flags | 
|---|---|---|---|---|---|---|
| r-devel-linux-x86_64-debian-clang | 1.1.1 | 68.49 | 506.00 | 574.49 | OK | |
| r-devel-linux-x86_64-debian-gcc | 1.1.1 | 50.62 | 380.80 | 431.42 | OK | |
| r-devel-linux-x86_64-fedora-clang | 1.1.1 | 535.00 | 466.28 | 1001.28 | OK | |
| r-devel-linux-x86_64-fedora-gcc | 1.1.1 | 356.00 | 632.64 | 988.64 | OK | |
| r-devel-windows-x86_64 | 1.1.1 | 68.00 | 446.00 | 514.00 | OK | |
| r-patched-linux-x86_64 | 1.1.1 | 0.31 | 1.94 | 2.25 | ERROR | |
| r-release-linux-x86_64 | 1.1.1 | 63.79 | 508.92 | 572.71 | OK | |
| r-release-macos-arm64 | 1.1.1 | 37.00 | 216.00 | 253.00 | OK | |
| r-release-macos-x86_64 | 1.1.1 | 72.00 | 442.00 | 514.00 | OK | |
| r-release-windows-x86_64 | 1.1.1 | 72.00 | 442.00 | 514.00 | OK | |
| r-oldrel-macos-arm64 | 1.1.1 | 36.00 | 205.00 | 241.00 | OK | |
| r-oldrel-macos-x86_64 | 1.1.1 | 51.00 | 341.00 | 392.00 | OK | |
| r-oldrel-windows-x86_64 | 1.1.1 | 91.00 | 590.00 | 681.00 | OK | 
Version: 1.1.1
Check: package dependencies
Result: ERROR
  Packages required but not available: 'GSVA', 'singscore'
  
  See section ‘The DESCRIPTION file’ in the ‘Writing R Extensions’
  manual.
Flavor: r-patched-linux-x86_64