Last updated on 2024-04-23 01:56:55 CEST.
Flavor | Version | Tinstall | Tcheck | Ttotal | Status | Flags |
---|---|---|---|---|---|---|
r-devel-linux-x86_64-debian-clang | 0.5.1 | 10.80 | 185.22 | 196.02 | NOTE | |
r-devel-linux-x86_64-debian-gcc | 0.5.1 | 7.92 | 167.43 | 175.35 | OK | |
r-devel-linux-x86_64-fedora-clang | 0.5.1 | 306.34 | OK | |||
r-devel-linux-x86_64-fedora-gcc | 0.5.1 | 307.80 | OK | |||
r-prerel-macos-arm64 | 0.5.1 | 81.00 | OK | |||
r-prerel-windows-x86_64 | 0.5.1 | 11.00 | 170.00 | 181.00 | OK | |
r-patched-linux-x86_64 | 0.5.1 | 8.20 | 216.93 | 225.13 | OK | |
r-release-linux-x86_64 | 0.5.1 | 5.89 | 218.68 | 224.57 | OK | |
r-release-macos-arm64 | 0.5.1 | 71.00 | OK | |||
r-release-macos-x86_64 | 0.5.1 | 176.00 | OK | |||
r-release-windows-x86_64 | 0.5.1 | 11.00 | 207.00 | 218.00 | OK | |
r-oldrel-macos-arm64 | 0.5.1 | 96.00 | OK | |||
r-oldrel-windows-x86_64 | 0.5.1 | 14.00 | 214.00 | 228.00 | OK |
Version: 0.5.1
Check: package dependencies
Result: NOTE
Packages suggested but not available for checking:
'SingleCellExperiment', 'SummarizedExperiment'
Flavor: r-devel-linux-x86_64-debian-clang