Last updated on 2025-11-15 03:50:05 CET.
| Flavor | Version | Tinstall | Tcheck | Ttotal | Status | Flags |
|---|---|---|---|---|---|---|
| r-devel-linux-x86_64-debian-clang | 1.0.5 | 2.94 | 50.36 | 53.30 | NOTE | |
| r-devel-linux-x86_64-debian-gcc | 1.0.5 | 2.65 | 34.11 | 36.76 | NOTE | |
| r-devel-linux-x86_64-fedora-clang | 1.0.5 | 83.57 | NOTE | |||
| r-devel-linux-x86_64-fedora-gcc | 1.0.5 | 79.20 | NOTE | |||
| r-devel-windows-x86_64 | 1.0.5 | 7.00 | 79.00 | 86.00 | NOTE | |
| r-patched-linux-x86_64 | 1.0.5 | 4.88 | 52.02 | 56.90 | NOTE | |
| r-release-linux-x86_64 | 1.0.5 | 3.58 | 49.33 | 52.91 | NOTE | |
| r-release-macos-arm64 | 1.0.5 | 2.00 | 24.00 | 26.00 | NOTE | |
| r-release-macos-x86_64 | 1.0.5 | 5.00 | 53.00 | 58.00 | NOTE | |
| r-release-windows-x86_64 | 1.0.5 | 4.00 | 69.00 | 73.00 | NOTE | |
| r-oldrel-macos-arm64 | 1.0.5 | 2.00 | 29.00 | 31.00 | NOTE | |
| r-oldrel-macos-x86_64 | 1.0.5 | 3.00 | 37.00 | 40.00 | NOTE | |
| r-oldrel-windows-x86_64 | 1.0.5 | 8.00 | 83.00 | 91.00 | NOTE |
Version: 1.0.5
Check: Rd files
Result: NOTE
checkRd: (-1) bvp.Rd:24: Lost braces
24 | differential equations. The code{midptivp} method solves initial
| ^
checkRd: (-1) ivp.Rd:38: Lost braces
38 | differential equations. The code{midptivp} method solves initial
| ^
checkRd: (-1) ivpsys.Rd:29: Lost braces
29 | differential equations. The code{midptivp} method solves initial
| ^
Flavors: r-devel-linux-x86_64-debian-clang, r-devel-linux-x86_64-debian-gcc, r-devel-linux-x86_64-fedora-clang, r-devel-linux-x86_64-fedora-gcc, r-devel-windows-x86_64, r-patched-linux-x86_64, r-release-linux-x86_64, r-release-macos-arm64, r-release-macos-x86_64, r-release-windows-x86_64, r-oldrel-macos-arm64, r-oldrel-macos-x86_64, r-oldrel-windows-x86_64