Last updated on 2024-04-24 01:52:06 CEST.
Flavor | Version | Tinstall | Tcheck | Ttotal | Status | Flags |
---|---|---|---|---|---|---|
r-devel-linux-x86_64-debian-clang | 2.2-11 | 12.48 | 72.50 | 84.98 | NOTE | |
r-devel-linux-x86_64-debian-gcc | 2.2-11 | 8.84 | 53.03 | 61.87 | NOTE | |
r-devel-linux-x86_64-fedora-clang | 2.2-11 | 103.24 | NOTE | |||
r-devel-linux-x86_64-fedora-gcc | 2.2-11 | 117.51 | NOTE | |||
r-prerel-macos-arm64 | 2.2-11 | 33.00 | NOTE | |||
r-prerel-windows-x86_64 | 2.2-11 | 12.00 | 69.00 | 81.00 | NOTE | |
r-patched-linux-x86_64 | 2.2-11 | 10.44 | 66.34 | 76.78 | NOTE | |
r-release-linux-x86_64 | 2.2-11 | 9.08 | 69.88 | 78.96 | NOTE | |
r-release-macos-arm64 | 2.2-11 | 43.00 | NOTE | |||
r-release-macos-x86_64 | 2.2-11 | 55.00 | NOTE | |||
r-release-windows-x86_64 | 2.2-11 | 14.00 | 82.00 | 96.00 | NOTE | |
r-oldrel-macos-arm64 | 2.2-11 | 40.00 | OK | |||
r-oldrel-windows-x86_64 | 2.2-11 | 15.00 | 84.00 | 99.00 | OK |
Version: 2.2-11
Check: Rd files
Result: NOTE
checkRd: (-1) plot.predict.crr.Rd:18: Escaped LaTeX specials: \#
checkRd: (-1) plot.predict.crr.Rd:22: Escaped LaTeX specials: \#
Flavors: r-devel-linux-x86_64-debian-clang, r-devel-linux-x86_64-debian-gcc, r-devel-linux-x86_64-fedora-clang, r-devel-linux-x86_64-fedora-gcc, r-prerel-macos-arm64, r-prerel-windows-x86_64, r-patched-linux-x86_64, r-release-linux-x86_64, r-release-macos-arm64, r-release-macos-x86_64, r-release-windows-x86_64
Version: 2.2-11
Check: compiled code
Result: NOTE
File ‘cmprsk/libs/cmprsk.so’:
Found no calls to: ‘R_registerRoutines’, ‘R_useDynamicSymbols’
It is good practice to register native routines and to disable symbol
search.
See ‘Writing portable packages’ in the ‘Writing R Extensions’ manual.
Flavors: r-devel-linux-x86_64-fedora-clang, r-devel-linux-x86_64-fedora-gcc