CRAN Package Check Results for Package cmsafvis

Last updated on 2022-07-02 01:48:52 CEST.

Flavor Version Tinstall Tcheck Ttotal Status Flags
r-devel-linux-x86_64-debian-clang 1.1.11 13.81 87.57 101.38 OK
r-devel-linux-x86_64-debian-gcc 1.1.11 10.99 65.57 76.56 OK
r-devel-linux-x86_64-fedora-clang 1.1.11 136.35 NOTE
r-devel-linux-x86_64-fedora-gcc 1.1.11 139.72 NOTE
r-devel-windows-x86_64 1.1.11 47.00 100.00 147.00 OK
r-patched-linux-x86_64 1.1.11 9.21 84.41 93.62 OK
r-release-linux-x86_64 1.1.11 9.35 84.59 93.94 OK
r-release-macos-arm64 1.1.11 34.00 NOTE
r-release-macos-x86_64 1.1.11 55.00 NOTE
r-release-windows-x86_64 1.1.11 32.00 106.00 138.00 OK
r-oldrel-macos-arm64 1.1.11 32.00 NOTE
r-oldrel-macos-x86_64 1.1.11 46.00 NOTE
r-oldrel-windows-ix86+x86_64 1.1.11 25.00 100.00 125.00 OK

Additional issues

noLD

Check Details

Version: 1.1.11
Check: package dependencies
Result: NOTE
    Imports includes 21 non-default packages.
    Importing from so many packages makes the package vulnerable to any of
    them becoming unavailable. Move as many as possible to Suggests and
    use conditionally.
Flavor: r-devel-linux-x86_64-fedora-clang

Version: 1.1.11
Check: dependencies in R code
Result: NOTE
    Namespaces in Imports field not imported from:
     ‘maptools’ ‘rgdal’ ‘rworldxtra’
     All declared Imports should be used.
Flavors: r-devel-linux-x86_64-fedora-clang, r-devel-linux-x86_64-fedora-gcc, r-release-macos-arm64, r-release-macos-x86_64, r-oldrel-macos-arm64, r-oldrel-macos-x86_64