CRAN Package Check Results for Package coala

Last updated on 2020-02-17 03:49:04 CET.

Flavor Version Tinstall Tcheck Ttotal Status Flags
r-devel-linux-x86_64-debian-clang 0.6.0 159.21 114.47 273.68 WARN
r-devel-linux-x86_64-debian-gcc 0.6.0 116.16 89.27 205.43 WARN
r-devel-linux-x86_64-fedora-clang 0.6.0 364.59 NOTE
r-devel-windows-ix86+x86_64 0.6.0 297.00 167.00 464.00 OK
r-devel-windows-ix86+x86_64-gcc8 0.6.0 413.00 213.00 626.00 OK
r-patched-linux-x86_64 0.6.0 130.07 107.25 237.32 OK
r-patched-solaris-x86 0.6.0 392.90 OK
r-release-linux-x86_64 0.6.0 128.68 106.65 235.33 OK
r-release-windows-ix86+x86_64 0.6.0 259.00 155.00 414.00 OK
r-release-osx-x86_64 0.6.0 NOTE
r-oldrel-windows-ix86+x86_64 0.6.0 231.00 136.00 367.00 OK
r-oldrel-osx-x86_64 0.6.0 OK

Check Details

Version: 0.6.0
Check: package dependencies
Result: NOTE
    Package suggested but not available for checking: 'abc'
Flavors: r-devel-linux-x86_64-debian-clang, r-devel-linux-x86_64-debian-gcc

Version: 0.6.0
Check: re-building of vignette outputs
Result: WARN
    Error(s) in re-building vignettes:
     ...
    --- re-building 'coala-abc.Rmd' using rmarkdown
    Quitting from lines 72-75 (coala-abc.Rmd)
    Error: processing vignette 'coala-abc.Rmd' failed with diagnostics:
    there is no package called 'abc'
    --- failed re-building 'coala-abc.Rmd'
    
    --- re-building 'coala-data-import.Rmd' using rmarkdown
    --- finished re-building 'coala-data-import.Rmd'
    
    --- re-building 'coala-examples.Rmd' using rmarkdown
    --- finished re-building 'coala-examples.Rmd'
    
    --- re-building 'coala-extend.Rmd' using rmarkdown
    --- finished re-building 'coala-extend.Rmd'
    
    --- re-building 'coala-install.Rmd' using rmarkdown
    --- finished re-building 'coala-install.Rmd'
    
    --- re-building 'coala-intro.Rmd' using rmarkdown
    --- finished re-building 'coala-intro.Rmd'
    
    SUMMARY: processing the following file failed:
     'coala-abc.Rmd'
    
    Error: Vignette re-building failed.
    Execution halted
Flavors: r-devel-linux-x86_64-debian-clang, r-devel-linux-x86_64-debian-gcc

Version: 0.6.0
Check: installed package size
Result: NOTE
     installed size is 6.4Mb
     sub-directories of 1Mb or more:
     R 1.4Mb
     libs 4.5Mb
Flavors: r-devel-linux-x86_64-fedora-clang, r-release-osx-x86_64