Last updated on 2025-05-09 01:50:01 CEST.
Flavor | Version | Tinstall | Tcheck | Ttotal | Status | Flags |
---|---|---|---|---|---|---|
r-devel-linux-x86_64-debian-clang | 0.7.2 | 115.45 | 103.08 | 218.53 | OK | |
r-devel-linux-x86_64-debian-gcc | 0.7.2 | 80.34 | 74.41 | 154.75 | OK | |
r-devel-linux-x86_64-fedora-clang | 0.7.2 | 404.99 | OK | |||
r-devel-linux-x86_64-fedora-gcc | 0.7.2 | 419.91 | OK | |||
r-devel-windows-x86_64 | 0.7.2 | 132.00 | 145.00 | 277.00 | OK | |
r-patched-linux-x86_64 | 0.7.2 | 115.60 | 96.66 | 212.26 | OK | |
r-release-linux-x86_64 | 0.7.2 | 114.05 | 95.55 | 209.60 | OK | |
r-release-macos-arm64 | 0.7.2 | 106.00 | OK | |||
r-release-macos-x86_64 | 0.7.2 | 165.00 | OK | |||
r-release-windows-x86_64 | 0.7.2 | 130.00 | 146.00 | 276.00 | OK | |
r-oldrel-macos-arm64 | 0.7.2 | 104.00 | NOTE | |||
r-oldrel-macos-x86_64 | 0.7.2 | 124.00 | NOTE | |||
r-oldrel-windows-x86_64 | 0.7.2 | 155.00 | 172.00 | 327.00 | NOTE |
Version: 0.7.2
Check: package dependencies
Result: NOTE
Package suggested but not available for checking: ‘PopGenome’
Flavors: r-oldrel-macos-arm64, r-oldrel-macos-x86_64, r-oldrel-windows-x86_64
Version: 0.7.2
Check: installed package size
Result: NOTE
installed size is 6.3Mb
sub-directories of 1Mb or more:
R 2.0Mb
libs 3.6Mb
Flavors: r-oldrel-macos-arm64, r-oldrel-macos-x86_64