Last updated on 2025-04-30 02:50:35 CEST.
Flavor | Version | Tinstall | Tcheck | Ttotal | Status | Flags |
---|---|---|---|---|---|---|
r-devel-linux-x86_64-debian-clang | 0.2.4 | 22.09 | 212.14 | 234.23 | NOTE | |
r-devel-linux-x86_64-debian-gcc | 0.2.4 | 14.57 | 144.38 | 158.95 | NOTE | |
r-devel-linux-x86_64-fedora-clang | 0.2.4 | 396.96 | OK | |||
r-devel-linux-x86_64-fedora-gcc | 0.2.4 | 336.97 | OK | |||
r-devel-windows-x86_64 | 0.2.4 | 24.00 | 198.00 | 222.00 | OK | |
r-patched-linux-x86_64 | 0.2.4 | 19.27 | 200.26 | 219.53 | OK | |
r-release-linux-x86_64 | 0.2.4 | 21.99 | 199.12 | 221.11 | OK | |
r-release-macos-arm64 | 0.2.4 | 92.00 | OK | |||
r-release-macos-x86_64 | 0.2.4 | 181.00 | OK | |||
r-release-windows-x86_64 | 0.2.4 | 22.00 | 194.00 | 216.00 | OK | |
r-oldrel-macos-arm64 | 0.2.4 | 54.00 | OK | |||
r-oldrel-macos-x86_64 | 0.2.4 | 137.00 | OK | |||
r-oldrel-windows-x86_64 | 0.2.4 | 28.00 | 261.00 | 289.00 | OK |
Version: 0.2.4
Check: examples
Result: NOTE
Examples with CPU (user + system) or elapsed time > 5s
user system elapsed
coda_coxnet 11.982 0.408 15.368
plot_survcurves 6.266 0.012 7.369
coda_glmnet_longitudinal_null 4.945 0.031 6.897
plot_riskscore 4.674 0.044 5.617
explore_lr_longitudinal 4.541 0.021 6.022
Flavor: r-devel-linux-x86_64-debian-clang
Version: 0.2.4
Check: examples
Result: NOTE
Examples with CPU (user + system) or elapsed time > 5s
user system elapsed
coda_coxnet 6.964 0.326 9.053
Flavor: r-devel-linux-x86_64-debian-gcc