CRAN Package Check Results for Package coefplot

Last updated on 2022-01-17 01:48:17 CET.

Flavor Version Tinstall Tcheck Ttotal Status Flags
r-devel-linux-x86_64-debian-clang 1.2.7 7.24 102.55 109.79 OK
r-devel-linux-x86_64-debian-gcc 1.2.8 5.74 82.45 88.19 OK
r-devel-linux-x86_64-fedora-clang 1.2.8 131.37 OK
r-devel-linux-x86_64-fedora-gcc 1.2.8 83.09 OK
r-devel-windows-x86_64-new-UL 1.2.8 61.00 127.00 188.00 OK
r-devel-windows-x86_64-new-TK 1.2.7 OK
r-patched-linux-x86_64 1.2.7 9.31 93.75 103.06 OK
r-release-linux-x86_64 1.2.8 OK
r-release-macos-arm64 1.2.8 OK
r-release-macos-x86_64 1.2.8 OK
r-release-windows-ix86+x86_64 1.2.8 4.00 8.00 12.00 ERROR
r-oldrel-macos-x86_64 1.2.7 OK
r-oldrel-windows-ix86+x86_64 1.2.8 4.00 8.00 12.00 ERROR

Check Details

Version: 1.2.8
Check: whether package can be installed
Result: ERROR
    Installation failed.
Flavors: r-release-windows-ix86+x86_64, r-oldrel-windows-ix86+x86_64