CRAN Package Check Results for Package cognitoR

Last updated on 2022-07-01 01:49:28 CEST.

Flavor Version Tinstall Tcheck Ttotal Status Flags
r-devel-linux-x86_64-debian-clang 1.0.2 6.74 62.77 69.51 NOTE
r-devel-linux-x86_64-debian-gcc 1.0.2 5.31 46.63 51.94 NOTE
r-devel-linux-x86_64-fedora-clang 1.0.2 94.82 NOTE
r-devel-linux-x86_64-fedora-gcc 1.0.2 90.52 NOTE
r-devel-windows-x86_64 1.0.2 23.00 90.00 113.00 NOTE
r-patched-linux-x86_64 1.0.2 5.84 58.91 64.75 NOTE
r-release-linux-x86_64 1.0.2 6.01 57.12 63.13 NOTE
r-release-macos-arm64 1.0.2 28.00 NOTE
r-release-macos-x86_64 1.0.2 45.00 NOTE
r-release-windows-x86_64 1.0.2 19.00 96.00 115.00 NOTE
r-oldrel-macos-arm64 1.0.2 32.00 NOTE
r-oldrel-macos-x86_64 1.0.2 48.00 NOTE
r-oldrel-windows-ix86+x86_64 1.0.2 18.00 85.00 103.00 NOTE

Check Details

Version: 1.0.2
Check: LazyData
Result: NOTE
     'LazyData' is specified without a 'data' directory
Flavors: r-devel-linux-x86_64-debian-clang, r-devel-linux-x86_64-debian-gcc, r-devel-linux-x86_64-fedora-clang, r-devel-linux-x86_64-fedora-gcc, r-devel-windows-x86_64, r-patched-linux-x86_64, r-release-linux-x86_64, r-release-macos-arm64, r-release-macos-x86_64, r-release-windows-x86_64, r-oldrel-macos-arm64, r-oldrel-macos-x86_64, r-oldrel-windows-ix86+x86_64

Version: 1.0.2
Check: dependencies in R code
Result: NOTE
    Namespace in Imports field not imported from: ‘yaml’
     All declared Imports should be used.
Flavors: r-devel-linux-x86_64-fedora-clang, r-devel-linux-x86_64-fedora-gcc, r-release-macos-arm64, r-release-macos-x86_64, r-oldrel-macos-arm64, r-oldrel-macos-x86_64