CRAN Package Check Results for Package cointReg

Last updated on 2025-04-30 02:50:35 CEST.

Flavor Version Tinstall Tcheck Ttotal Status Flags
r-devel-linux-x86_64-debian-clang 0.2.0 3.13 34.59 37.72 NOTE
r-devel-linux-x86_64-debian-gcc 0.2.0 2.22 26.27 28.49 NOTE
r-devel-linux-x86_64-fedora-clang 0.2.0 56.30 OK
r-devel-linux-x86_64-fedora-gcc 0.2.0 68.96 OK
r-devel-windows-x86_64 0.2.0 5.00 61.00 66.00 OK
r-patched-linux-x86_64 0.2.0 3.24 32.01 35.25 OK
r-release-linux-x86_64 0.2.0 2.98 31.76 34.74 OK
r-release-macos-arm64 0.2.0 38.00 OK
r-release-macos-x86_64 0.2.0 50.00 OK
r-release-windows-x86_64 0.2.0 5.00 58.00 63.00 OK
r-oldrel-macos-arm64 0.2.0 26.00 OK
r-oldrel-macos-x86_64 0.2.0 38.00 OK
r-oldrel-windows-x86_64 0.2.0 4.00 62.00 66.00 OK

Check Details

Version: 0.2.0
Check: CRAN incoming feasibility
Result: NOTE Maintainer: ‘Philipp Aschersleben <aschersleben@statistik.tu-dortmund.de>’ Found the following URLs which should use \doi (with the DOI name only): File ‘cointReg.Rd’: http://dx.doi.org/10.2307/2297545 http://dx.doi.org/10.2307/2298004 http://dx.doi.org/10.1017/S0266466600004217 http://dx.doi.org/10.2307/2951763 http://dx.doi.org/10.1016/j.jeconom.2013.10.015 File ‘cointRegD.Rd’: http://dx.doi.org/10.2307/2298004 http://dx.doi.org/10.1017/S0266466600004217 http://dx.doi.org/10.2307/2951763 File ‘cointRegFM.Rd’: http://dx.doi.org/10.2307/2297545 File ‘cointRegIM.Rd’: http://dx.doi.org/10.1016/j.jeconom.2013.10.015 File ‘getBandwidth.Rd’: http://dx.doi.org/10.2307/2938229 http://dx.doi.org/10.2307/2297912 Flavors: r-devel-linux-x86_64-debian-clang, r-devel-linux-x86_64-debian-gcc