CRAN Package Check Results for Package cointmonitoR

Last updated on 2025-10-23 02:49:50 CEST.

Flavor Version Tinstall Tcheck Ttotal Status Flags
r-devel-linux-x86_64-debian-clang 0.1.0 2.38 32.94 35.32 NOTE
r-devel-linux-x86_64-debian-gcc 0.1.0 1.66 27.22 28.88 NOTE
r-devel-linux-x86_64-fedora-clang 0.1.0 40.39 OK
r-devel-linux-x86_64-fedora-gcc 0.1.0 61.84 OK
r-devel-windows-x86_64 0.1.0 3.00 48.00 51.00 OK
r-patched-linux-x86_64 0.1.0 2.62 30.22 32.84 OK
r-release-linux-x86_64 0.1.0 2.18 30.18 32.36 OK
r-release-macos-arm64 0.1.0 1.00 35.00 36.00 OK
r-release-macos-x86_64 0.1.0 3.00 45.00 48.00 OK
r-release-windows-x86_64 0.1.0 4.00 51.00 55.00 OK
r-oldrel-macos-arm64 0.1.0 1.00 25.00 26.00 OK
r-oldrel-macos-x86_64 0.1.0 2.00 41.00 43.00 OK
r-oldrel-windows-x86_64 0.1.0 4.00 55.00 59.00 OK

Check Details

Version: 0.1.0
Check: CRAN incoming feasibility
Result: NOTE Maintainer: ‘Philipp Aschersleben <aschersleben@statistik.tu-dortmund.de>’ Found the following URLs which should use \doi (with the DOI name only): File ‘monitorCointegration.Rd’: http://dx.doi.org/10.2139/ssrn.2624657 File ‘monitorStationarity.Rd’: http://dx.doi.org/10.2139/ssrn.2624657 Flavors: r-devel-linux-x86_64-debian-clang, r-devel-linux-x86_64-debian-gcc