CRAN Package Check Results for Package collector

Last updated on 2020-08-13 19:49:13 CEST.

Flavor Version Tinstall Tcheck Ttotal Status Flags
r-devel-linux-x86_64-debian-clang 0.1.3 0.55 2.58 3.13 ERROR
r-devel-linux-x86_64-debian-gcc 0.1.3 14.19 153.97 168.16 OK
r-devel-linux-x86_64-fedora-clang 0.1.3 264.65 OK
r-devel-linux-x86_64-fedora-gcc 0.1.3 253.43 OK
r-devel-windows-ix86+x86_64 0.1.3 69.00 205.00 274.00 OK
r-patched-linux-x86_64 0.1.3 12.73 197.64 210.37 OK
r-patched-solaris-x86 0.1.3 347.70 OK
r-release-linux-x86_64 0.1.3 17.79 197.76 215.55 OK
r-release-macos-x86_64 0.1.3 OK
r-release-windows-ix86+x86_64 0.1.3 57.00 293.00 350.00 OK
r-oldrel-macos-x86_64 0.1.3 OK
r-oldrel-windows-ix86+x86_64 0.1.3 23.00 203.00 226.00 OK

Check Details

Version: 0.1.3
Check: package dependencies
Result: ERROR
    Packages required but not available: 'evaluator', 'ggpubr', 'tidyr'
    
    See section 'The DESCRIPTION file' in the 'Writing R Extensions'
    manual.
Flavor: r-devel-linux-x86_64-debian-clang