Last updated on 2022-07-04 02:53:28 CEST.
Flavor | Version | Tinstall | Tcheck | Ttotal | Status | Flags |
---|---|---|---|---|---|---|
r-devel-linux-x86_64-debian-clang | 0.1.9 | 6.58 | 76.56 | 83.14 | OK | |
r-devel-linux-x86_64-debian-gcc | 0.1.9 | 4.93 | 56.44 | 61.37 | OK | |
r-devel-linux-x86_64-fedora-clang | 0.1.9 | 106.56 | NOTE | |||
r-devel-linux-x86_64-fedora-gcc | 0.1.9 | 104.77 | OK | |||
r-devel-windows-x86_64 | 0.1.9 | 52.00 | 107.00 | 159.00 | NOTE | |
r-patched-linux-x86_64 | 0.1.9 | 6.47 | 71.03 | 77.50 | OK | |
r-release-linux-x86_64 | 0.1.9 | 5.35 | 72.04 | 77.39 | OK | |
r-release-macos-arm64 | 0.1.9 | 34.00 | NOTE | |||
r-release-macos-x86_64 | 0.1.9 | 62.00 | NOTE | |||
r-release-windows-x86_64 | 0.1.9 | 58.00 | 106.00 | 164.00 | NOTE | |
r-oldrel-macos-arm64 | 0.1.9 | 50.00 | NOTE | |||
r-oldrel-macos-x86_64 | 0.1.9 | 59.00 | NOTE | |||
r-oldrel-windows-ix86+x86_64 | 0.1.9 | 18.00 | 93.00 | 111.00 | NOTE |
Version: 0.1.9
Check: installed package size
Result: NOTE
installed size is 5.2Mb
sub-directories of 1Mb or more:
doc 4.9Mb
Flavors: r-devel-linux-x86_64-fedora-clang, r-devel-windows-x86_64, r-release-macos-arm64, r-release-macos-x86_64, r-release-windows-x86_64, r-oldrel-macos-arm64, r-oldrel-macos-x86_64, r-oldrel-windows-ix86+x86_64