Last updated on 2023-06-06 01:53:58 CEST.
Flavor | Version | Tinstall | Tcheck | Ttotal | Status | Flags |
---|---|---|---|---|---|---|
r-devel-linux-x86_64-debian-clang | 1.1.0 | 54.76 | 267.77 | 322.53 | NOTE | |
r-devel-linux-x86_64-debian-gcc | 1.1.0 | 39.86 | 192.12 | 231.98 | NOTE | |
r-devel-linux-x86_64-fedora-clang | 1.1.0 | 424.16 | NOTE | |||
r-devel-linux-x86_64-fedora-gcc | 1.1.0 | 391.49 | NOTE | |||
r-devel-windows-x86_64 | 1.1.0 | 43.00 | 247.00 | 290.00 | NOTE | |
r-patched-linux-x86_64 | 1.1.0 | 44.32 | 243.26 | 287.58 | NOTE | |
r-release-linux-x86_64 | 1.1.0 | 44.01 | 239.76 | 283.77 | NOTE | |
r-release-macos-arm64 | 1.1.0 | 163.00 | NOTE | |||
r-release-macos-x86_64 | 1.1.0 | 215.00 | NOTE | |||
r-release-windows-x86_64 | 1.1.0 | 52.00 | 294.00 | 346.00 | NOTE | |
r-oldrel-macos-arm64 | 1.1.0 | 142.00 | NOTE | |||
r-oldrel-macos-x86_64 | 1.1.0 | 160.00 | NOTE | |||
r-oldrel-windows-x86_64 | 1.1.0 | 50.00 | 299.00 | 349.00 | NOTE |
Version: 1.1.0
Check: LazyData
Result: NOTE
'LazyData' is specified without a 'data' directory
Flavors: r-devel-linux-x86_64-debian-clang, r-devel-linux-x86_64-debian-gcc, r-devel-linux-x86_64-fedora-clang, r-devel-linux-x86_64-fedora-gcc, r-devel-windows-x86_64, r-patched-linux-x86_64, r-release-linux-x86_64, r-release-macos-arm64, r-release-macos-x86_64, r-release-windows-x86_64, r-oldrel-macos-arm64, r-oldrel-macos-x86_64, r-oldrel-windows-x86_64