Last updated on 2024-03-29 01:51:01 CET.
Flavor | Version | Tinstall | Tcheck | Ttotal | Status | Flags |
---|---|---|---|---|---|---|
r-devel-linux-x86_64-debian-clang | 0.3.9 | 96.37 | 39.69 | 136.06 | NOTE | |
r-devel-linux-x86_64-debian-gcc | 0.3.9 | 77.76 | 30.76 | 108.52 | NOTE | |
r-devel-linux-x86_64-fedora-clang | 0.3.9 | 202.76 | NOTE | |||
r-devel-linux-x86_64-fedora-gcc | 0.3.9 | 204.00 | NOTE | |||
r-devel-windows-x86_64 | 0.3.9 | 79.00 | 83.00 | 162.00 | NOTE | |
r-patched-linux-x86_64 | 0.3.9 | 98.35 | 37.72 | 136.07 | NOTE | |
r-release-linux-x86_64 | 0.3.9 | 102.36 | 38.65 | 141.01 | OK | |
r-release-macos-arm64 | 0.3.9 | 51.00 | NOTE | |||
r-release-macos-x86_64 | 0.3.9 | 140.00 | NOTE | |||
r-release-windows-x86_64 | 0.3.9 | 86.00 | 92.00 | 178.00 | OK | |
r-oldrel-macos-arm64 | 0.3.9 | 50.00 | NOTE | |||
r-oldrel-windows-x86_64 | 0.3.9 | 98.00 | 86.00 | 184.00 | OK |
Version: 0.3.9
Check: Rd files
Result: NOTE
checkRd: (-1) colour_values.Rd:143: Lost braces in \itemize; meant \describe ?
checkRd: (-1) colour_values.Rd:144: Lost braces in \itemize; meant \describe ?
checkRd: (-1) colour_values_rgb.Rd:143: Lost braces in \itemize; meant \describe ?
checkRd: (-1) colour_values_rgb.Rd:144: Lost braces in \itemize; meant \describe ?
Flavors: r-devel-linux-x86_64-debian-clang, r-devel-linux-x86_64-debian-gcc, r-devel-linux-x86_64-fedora-clang, r-devel-linux-x86_64-fedora-gcc, r-devel-windows-x86_64, r-patched-linux-x86_64
Version: 0.3.9
Check: installed package size
Result: NOTE
installed size is 6.9Mb
sub-directories of 1Mb or more:
libs 5.7Mb
Flavors: r-release-macos-arm64, r-release-macos-x86_64, r-oldrel-macos-arm64