CRAN Package Check Results for Package comato

Last updated on 2022-07-03 01:48:51 CEST.

Flavor Version Tinstall Tcheck Ttotal Status Flags
r-devel-linux-x86_64-debian-clang 1.1 9.50 87.46 96.96 OK
r-devel-linux-x86_64-debian-gcc 1.1 7.73 67.52 75.25 OK
r-devel-linux-x86_64-fedora-clang 1.1 129.36 WARN
r-devel-linux-x86_64-fedora-gcc 1.1 128.97 WARN
r-devel-windows-x86_64 1.1 26.00 117.00 143.00 OK
r-patched-linux-x86_64 1.1 7.67 86.86 94.53 OK
r-release-linux-x86_64 1.1 9.33 86.55 95.88 OK
r-release-macos-arm64 1.1 40.00 OK
r-release-macos-x86_64 1.1 58.00 OK
r-release-windows-x86_64 1.1 32.00 119.00 151.00 OK
r-oldrel-macos-arm64 1.1 49.00 OK
r-oldrel-macos-x86_64 1.1 72.00 OK
r-oldrel-windows-ix86+x86_64 1.1 22.00 110.00 132.00 OK

Check Details

Version: 1.1
Check: package dependencies
Result: WARN
    Requires (indirectly) orphaned package: ‘gtools’
Flavors: r-devel-linux-x86_64-fedora-clang, r-devel-linux-x86_64-fedora-gcc