CRAN Package Check Results for Package combinat

Last updated on 2022-05-29 02:48:55 CEST.

Flavor Version Tinstall Tcheck Ttotal Status Flags
r-devel-linux-x86_64-debian-clang 0.0-8 2.45 31.25 33.70 NOTE
r-devel-linux-x86_64-debian-gcc 0.0-8 1.75 24.21 25.96 NOTE
r-devel-linux-x86_64-fedora-clang 0.0-8 40.80 NOTE
r-devel-linux-x86_64-fedora-gcc 0.0-8 39.75 NOTE
r-devel-windows-x86_64 0.0-8 13.00 43.00 56.00 NOTE
r-patched-linux-x86_64 0.0-8 2.32 29.32 31.64 NOTE
r-release-linux-x86_64 0.0-8 2.26 29.62 31.88 NOTE
r-release-macos-arm64 0.0-8 12.00 NOTE
r-release-macos-x86_64 0.0-8 21.00 NOTE
r-release-windows-x86_64 0.0-8 5.00 42.00 47.00 NOTE
r-oldrel-macos-arm64 0.0-8 21.00 NOTE
r-oldrel-macos-x86_64 0.0-8 25.00 NOTE
r-oldrel-windows-ix86+x86_64 0.0-8 4.00 25.00 29.00 NOTE

Check Details

Version: 0.0-8
Check: DESCRIPTION meta-information
Result: NOTE
    Malformed Description field: should contain one or more complete sentences.
Flavors: r-devel-linux-x86_64-debian-clang, r-devel-linux-x86_64-debian-gcc, r-devel-linux-x86_64-fedora-clang, r-devel-linux-x86_64-fedora-gcc, r-devel-windows-x86_64, r-patched-linux-x86_64, r-release-linux-x86_64, r-release-macos-arm64, r-release-macos-x86_64, r-release-windows-x86_64, r-oldrel-macos-arm64, r-oldrel-macos-x86_64, r-oldrel-windows-ix86+x86_64