Last updated on 2024-04-23 01:56:55 CEST.
Flavor | Version | Tinstall | Tcheck | Ttotal | Status | Flags |
---|---|---|---|---|---|---|
r-devel-linux-x86_64-debian-clang | 1.0.3 | 44.13 | 43.57 | 87.70 | NOTE | |
r-devel-linux-x86_64-debian-gcc | 1.0.3 | 34.78 | 31.67 | 66.45 | NOTE | |
r-devel-linux-x86_64-fedora-clang | 1.0.3 | 126.67 | NOTE | |||
r-devel-linux-x86_64-fedora-gcc | 1.0.3 | 125.68 | NOTE | |||
r-prerel-macos-arm64 | 1.0.3 | 30.00 | NOTE | |||
r-prerel-windows-x86_64 | 1.0.3 | 36.00 | 71.00 | 107.00 | NOTE | |
r-patched-linux-x86_64 | 1.0.3 | 38.23 | 42.54 | 80.77 | NOTE | |
r-release-linux-x86_64 | 1.0.3 | 39.86 | 41.91 | 81.77 | NOTE | |
r-release-macos-arm64 | 1.0.3 | 36.00 | NOTE | |||
r-release-macos-x86_64 | 1.0.3 | 56.00 | NOTE | |||
r-release-windows-x86_64 | 1.0.3 | 43.00 | 83.00 | 126.00 | NOTE | |
r-oldrel-macos-arm64 | 1.0.3 | 32.00 | NOTE | |||
r-oldrel-windows-x86_64 | 1.0.3 | 44.00 | 81.00 | 125.00 | NOTE |
Version: 1.0.3
Check: LazyData
Result: NOTE
'LazyData' is specified without a 'data' directory
Flavors: r-devel-linux-x86_64-debian-clang, r-devel-linux-x86_64-debian-gcc, r-devel-linux-x86_64-fedora-clang, r-devel-linux-x86_64-fedora-gcc, r-prerel-macos-arm64, r-prerel-windows-x86_64, r-patched-linux-x86_64, r-release-linux-x86_64, r-release-macos-arm64, r-release-macos-x86_64, r-release-windows-x86_64, r-oldrel-macos-arm64, r-oldrel-windows-x86_64