CRAN Package Check Results for Package compareGroups

Last updated on 2022-07-03 01:48:51 CEST.

Flavor Version Tinstall Tcheck Ttotal Status Flags
r-devel-linux-x86_64-debian-clang 4.5.1 26.36 230.67 257.03 NOTE
r-devel-linux-x86_64-debian-gcc 4.5.1 22.10 169.71 191.81 NOTE
r-devel-linux-x86_64-fedora-clang 4.5.1 307.76 NOTE
r-devel-linux-x86_64-fedora-gcc 4.5.1 308.69 NOTE
r-devel-windows-x86_64 4.5.1 126.00 266.00 392.00 NOTE
r-patched-linux-x86_64 4.5.1 25.22 218.05 243.27 OK
r-release-linux-x86_64 4.5.1 21.67 218.51 240.18 OK
r-release-macos-arm64 4.5.1 79.00 OK
r-release-macos-x86_64 4.5.1 137.00 OK
r-release-windows-x86_64 4.5.1 115.00 296.00 411.00 OK
r-oldrel-macos-arm64 4.5.1 89.00 OK
r-oldrel-macos-x86_64 4.5.1 137.00 OK
r-oldrel-windows-ix86+x86_64 4.5.1 51.00 276.00 327.00 OK

Check Details

Version: 4.5.1
Check: Rd files
Result: NOTE
    checkRd: (-1) compareGroups-package.Rd:52: Escaped LaTeX specials: \~
Flavors: r-devel-linux-x86_64-debian-clang, r-devel-linux-x86_64-debian-gcc, r-devel-linux-x86_64-fedora-clang, r-devel-linux-x86_64-fedora-gcc, r-devel-windows-x86_64