Last updated on 2022-05-22 01:51:23 CEST.
Flavor | Version | Tinstall | Tcheck | Ttotal | Status | Flags |
---|---|---|---|---|---|---|
r-devel-linux-x86_64-debian-clang | 0.2.2 | 5.78 | 64.30 | 70.08 | OK | |
r-devel-linux-x86_64-debian-gcc | 0.2.2 | 5.35 | 51.44 | 56.79 | OK | |
r-devel-linux-x86_64-fedora-clang | 0.2.2 | 81.97 | NOTE | |||
r-devel-linux-x86_64-fedora-gcc | 0.2.2 | 83.01 | NOTE | |||
r-devel-windows-x86_64 | 0.2.2 | 22.00 | 103.00 | 125.00 | OK | |
r-patched-linux-x86_64 | 0.2.2 | 8.39 | 64.03 | 72.42 | OK | |
r-release-linux-x86_64 | 0.2.2 | 7.05 | 62.31 | 69.36 | OK | |
r-release-macos-arm64 | 0.2.2 | 36.00 | NOTE | |||
r-release-macos-x86_64 | 0.2.2 | 50.00 | NOTE | |||
r-release-windows-x86_64 | 0.2.2 | 19.00 | 99.00 | 118.00 | OK | |
r-oldrel-macos-arm64 | 0.2.2 | 51.00 | NOTE | |||
r-oldrel-macos-x86_64 | 0.2.2 | 60.00 | NOTE | |||
r-oldrel-windows-ix86+x86_64 | 0.2.2 | 13.00 | 81.00 | 94.00 | OK |
Version: 0.2.2
Check: dependencies in R code
Result: NOTE
Namespace in Imports field not imported from: ‘R6’
All declared Imports should be used.
Flavors: r-devel-linux-x86_64-fedora-clang, r-devel-linux-x86_64-fedora-gcc, r-release-macos-arm64, r-release-macos-x86_64, r-oldrel-macos-arm64, r-oldrel-macos-x86_64