Last updated on 2024-04-18 01:55:09 CEST.
Flavor | Version | Tinstall | Tcheck | Ttotal | Status | Flags |
---|---|---|---|---|---|---|
r-devel-linux-x86_64-debian-clang | 0.1.1 | 28.21 | 88.43 | 116.64 | NOTE | |
r-devel-linux-x86_64-debian-gcc | 0.1.1 | 18.50 | 64.72 | 83.22 | NOTE | |
r-devel-linux-x86_64-fedora-clang | 0.1.1 | 154.69 | NOTE | |||
r-devel-linux-x86_64-fedora-gcc | 0.1.1 | 169.59 | NOTE | |||
r-prerel-macos-arm64 | 0.1.1 | 53.00 | NOTE | |||
r-prerel-windows-x86_64 | 0.1.1 | 21.00 | 95.00 | 116.00 | NOTE | |
r-patched-linux-x86_64 | 0.1.1 | 24.00 | 83.52 | 107.52 | NOTE | |
r-release-linux-x86_64 | 0.1.1 | 15.97 | 82.49 | 98.46 | OK | |
r-release-macos-arm64 | 0.1.1 | 53.00 | OK | |||
r-release-macos-x86_64 | 0.1.1 | 86.00 | OK | |||
r-release-windows-x86_64 | 0.1.1 | 27.00 | 116.00 | 143.00 | OK | |
r-oldrel-macos-arm64 | 0.1.1 | 41.00 | OK | |||
r-oldrel-windows-x86_64 | 0.1.1 | 25.00 | 115.00 | 140.00 | OK |
Version: 0.1.1
Check: Rd files
Result: NOTE
checkRd: (-1) keener.Rd:82: Lost braces; missing escapes or markup?
82 | a_{ij} = (S_ij + 1) / (S_ij + S_ji + 2). This step should make comparing
| ^
Flavors: r-devel-linux-x86_64-debian-clang, r-devel-linux-x86_64-debian-gcc, r-devel-linux-x86_64-fedora-clang, r-devel-linux-x86_64-fedora-gcc, r-prerel-macos-arm64, r-prerel-windows-x86_64, r-patched-linux-x86_64