CRAN Package Check Results for Package composits

Last updated on 2022-05-23 01:50:05 CEST.

Flavor Version Tinstall Tcheck Ttotal Status Flags
r-devel-linux-x86_64-debian-clang 0.1.0 6.44 190.55 196.99 ERROR
r-devel-linux-x86_64-debian-gcc 0.1.0 5.65 134.98 140.63 ERROR
r-devel-linux-x86_64-fedora-clang 0.1.0 242.31 ERROR
r-devel-linux-x86_64-fedora-gcc 0.1.0 227.57 ERROR
r-devel-windows-x86_64 0.1.0 92.00 214.00 306.00 ERROR
r-patched-linux-x86_64 0.1.0 5.52 183.50 189.02 ERROR
r-release-linux-x86_64 0.1.0 5.42 182.80 188.22 ERROR
r-release-macos-arm64 0.1.0 93.00 OK
r-release-macos-x86_64 0.1.0 143.00 OK
r-release-windows-x86_64 0.1.0 59.00 202.00 261.00 ERROR
r-oldrel-macos-arm64 0.1.0 128.00 OK
r-oldrel-macos-x86_64 0.1.0 157.00 OK
r-oldrel-windows-ix86+x86_64 0.1.0 19.00 230.00 249.00 WARN

Check Details

Version: 0.1.0
Check: re-building of vignette outputs
Result: ERROR
    Error(s) in re-building vignettes:
     ...
    --- re-building 'composits.Rmd' using rmarkdown
    Quitting from lines 126-127 (composits.Rmd)
    Error: processing vignette 'composits.Rmd' failed with diagnostics:
    requires numeric/complex matrix/vector arguments
    --- failed re-building 'composits.Rmd'
    
    SUMMARY: processing the following file failed:
     'composits.Rmd'
    
    Error: Vignette re-building failed.
    Execution halted
Flavors: r-devel-linux-x86_64-debian-clang, r-devel-linux-x86_64-debian-gcc, r-patched-linux-x86_64, r-release-linux-x86_64

Version: 0.1.0
Check: re-building of vignette outputs
Result: ERROR
    Error(s) in re-building vignettes:
    --- re-building ‘composits.Rmd’ using rmarkdown
    Quitting from lines 126-127 (composits.Rmd)
    Error: processing vignette 'composits.Rmd' failed with diagnostics:
    requires numeric/complex matrix/vector arguments
    --- failed re-building ‘composits.Rmd’
    
    SUMMARY: processing the following file failed:
     ‘composits.Rmd’
    
    Error: Vignette re-building failed.
    Execution halted
Flavors: r-devel-linux-x86_64-fedora-clang, r-devel-linux-x86_64-fedora-gcc, r-devel-windows-x86_64, r-release-windows-x86_64

Version: 0.1.0
Check: re-building of vignette outputs
Result: WARN
    Error(s) in re-building vignettes:
    --- re-building 'composits.Rmd' using rmarkdown
    Quitting from lines 126-127 (composits.Rmd)
    Error: processing vignette 'composits.Rmd' failed with diagnostics:
    requires numeric/complex matrix/vector arguments
    --- failed re-building 'composits.Rmd'
    
    SUMMARY: processing the following file failed:
     'composits.Rmd'
    
    Error: Vignette re-building failed.
    Execution halted
Flavor: r-oldrel-windows-ix86+x86_64