Last updated on 2022-07-02 01:48:52 CEST.
Flavor | Version | Tinstall | Tcheck | Ttotal | Status | Flags |
---|---|---|---|---|---|---|
r-devel-linux-x86_64-debian-clang | 0.1.0 | 6.58 | 79.75 | 86.33 | NOTE | |
r-devel-linux-x86_64-debian-gcc | 0.1.0 | 5.67 | 58.86 | 64.53 | NOTE | |
r-devel-linux-x86_64-fedora-clang | 0.1.0 | 111.67 | NOTE | |||
r-devel-linux-x86_64-fedora-gcc | 0.1.0 | 110.21 | NOTE | |||
r-devel-windows-x86_64 | 0.1.0 | 18.00 | 101.00 | 119.00 | NOTE | |
r-patched-linux-x86_64 | 0.1.0 | 6.11 | 75.23 | 81.34 | NOTE | |
r-release-linux-x86_64 | 0.1.0 | 6.05 | 74.69 | 80.74 | NOTE | |
r-release-macos-arm64 | 0.1.0 | 24.00 | NOTE | |||
r-release-macos-x86_64 | 0.1.0 | 46.00 | NOTE | |||
r-release-windows-x86_64 | 0.1.0 | 13.00 | 109.00 | 122.00 | NOTE | |
r-oldrel-macos-arm64 | 0.1.0 | 35.00 | NOTE | |||
r-oldrel-macos-x86_64 | 0.1.0 | 44.00 | NOTE | |||
r-oldrel-windows-ix86+x86_64 | 0.1.0 | 18.00 | 97.00 | 115.00 | NOTE |
Version: 0.1.0
Check: LazyData
Result: NOTE
'LazyData' is specified without a 'data' directory
Flavors: r-devel-linux-x86_64-debian-clang, r-devel-linux-x86_64-debian-gcc, r-devel-linux-x86_64-fedora-clang, r-devel-linux-x86_64-fedora-gcc, r-devel-windows-x86_64, r-patched-linux-x86_64, r-release-linux-x86_64, r-release-macos-arm64, r-release-macos-x86_64, r-release-windows-x86_64, r-oldrel-macos-arm64, r-oldrel-macos-x86_64, r-oldrel-windows-ix86+x86_64