Last updated on 2024-04-19 01:58:38 CEST.
Flavor | Version | Tinstall | Tcheck | Ttotal | Status | Flags |
---|---|---|---|---|---|---|
r-devel-linux-x86_64-debian-clang | 0.1.0 | 6.20 | 66.09 | 72.29 | NOTE | |
r-devel-linux-x86_64-debian-gcc | 0.1.0 | 5.29 | 48.57 | 53.86 | NOTE | |
r-devel-linux-x86_64-fedora-clang | 0.1.0 | 93.50 | NOTE | |||
r-devel-linux-x86_64-fedora-gcc | 0.1.0 | 117.72 | NOTE | |||
r-prerel-macos-arm64 | 0.1.0 | 35.00 | NOTE | |||
r-prerel-windows-x86_64 | 0.1.0 | 7.00 | 67.00 | 74.00 | NOTE | |
r-patched-linux-x86_64 | 0.1.0 | 5.79 | 63.25 | 69.04 | NOTE | |
r-release-linux-x86_64 | 0.1.0 | 5.54 | 61.61 | 67.15 | NOTE | |
r-release-macos-arm64 | 0.1.0 | 43.00 | NOTE | |||
r-release-macos-x86_64 | 0.1.0 | 63.00 | NOTE | |||
r-release-windows-x86_64 | 0.1.0 | 8.00 | 73.00 | 81.00 | NOTE | |
r-oldrel-macos-arm64 | 0.1.0 | 24.00 | NOTE | |||
r-oldrel-windows-x86_64 | 0.1.0 | 9.00 | 80.00 | 89.00 | NOTE |
Version: 0.1.0
Check: R code for possible problems
Result: NOTE
run_pipeline_gbq: no visible global function definition for
‘query_exec’
Undefined global functions or variables:
query_exec
Flavors: r-devel-linux-x86_64-debian-clang, r-devel-linux-x86_64-debian-gcc, r-devel-linux-x86_64-fedora-clang, r-devel-linux-x86_64-fedora-gcc, r-prerel-macos-arm64, r-prerel-windows-x86_64, r-patched-linux-x86_64, r-release-linux-x86_64, r-release-windows-x86_64, r-oldrel-windows-x86_64
Version: 0.1.0
Check: LazyData
Result: NOTE
'LazyData' is specified without a 'data' directory
Flavors: r-devel-linux-x86_64-debian-clang, r-devel-linux-x86_64-debian-gcc, r-devel-linux-x86_64-fedora-clang, r-devel-linux-x86_64-fedora-gcc, r-prerel-macos-arm64, r-prerel-windows-x86_64, r-patched-linux-x86_64, r-release-linux-x86_64, r-release-macos-arm64, r-release-macos-x86_64, r-release-windows-x86_64, r-oldrel-macos-arm64, r-oldrel-windows-x86_64