Last updated on 2022-05-22 01:51:23 CEST.
Flavor | Version | Tinstall | Tcheck | Ttotal | Status | Flags |
---|---|---|---|---|---|---|
r-devel-linux-x86_64-debian-clang | 0.1.1 | 11.24 | 161.78 | 173.02 | NOTE | |
r-devel-linux-x86_64-debian-gcc | 0.1.1 | 7.88 | 118.18 | 126.06 | NOTE | |
r-devel-linux-x86_64-fedora-clang | 0.1.1 | 215.02 | NOTE | |||
r-devel-linux-x86_64-fedora-gcc | 0.1.1 | 205.96 | NOTE | |||
r-devel-windows-x86_64 | 0.1.1 | 61.00 | 183.00 | 244.00 | NOTE | |
r-patched-linux-x86_64 | 0.1.1 | 10.97 | 149.28 | 160.25 | NOTE | |
r-release-linux-x86_64 | 0.1.1 | 10.98 | 149.93 | 160.91 | NOTE | |
r-release-macos-arm64 | 0.1.1 | 54.00 | NOTE | |||
r-release-macos-x86_64 | 0.1.1 | 97.00 | NOTE | |||
r-release-windows-x86_64 | 0.1.1 | 40.00 | 180.00 | 220.00 | NOTE | |
r-oldrel-macos-arm64 | 0.1.1 | 89.00 | NOTE | |||
r-oldrel-macos-x86_64 | 0.1.1 | 89.00 | NOTE | |||
r-oldrel-windows-ix86+x86_64 | 0.1.1 | 26.00 | 169.00 | 195.00 | NOTE |
Version: 0.1.1
Check: LazyData
Result: NOTE
'LazyData' is specified without a 'data' directory
Flavors: r-devel-linux-x86_64-debian-clang, r-devel-linux-x86_64-debian-gcc, r-devel-linux-x86_64-fedora-clang, r-devel-linux-x86_64-fedora-gcc, r-devel-windows-x86_64, r-patched-linux-x86_64, r-release-linux-x86_64, r-release-macos-arm64, r-release-macos-x86_64, r-release-windows-x86_64, r-oldrel-macos-arm64, r-oldrel-macos-x86_64, r-oldrel-windows-ix86+x86_64
Version: 0.1.1
Check: package dependencies
Result: NOTE
Packages suggested but not available for checking:
'scagnostics', 'bartMachine'
Flavor: r-release-macos-x86_64