Last updated on 2025-04-30 02:50:35 CEST.
Flavor | Version | Tinstall | Tcheck | Ttotal | Status | Flags |
---|---|---|---|---|---|---|
r-devel-linux-x86_64-debian-clang | 1.1-2 | 6.96 | 67.56 | 74.52 | NOTE | |
r-devel-linux-x86_64-debian-gcc | 1.1-2 | 6.17 | 49.52 | 55.69 | NOTE | |
r-devel-linux-x86_64-fedora-clang | 1.1-2 | 110.54 | NOTE | |||
r-devel-linux-x86_64-fedora-gcc | 1.1-2 | 119.80 | NOTE | |||
r-devel-windows-x86_64 | 1.1-2 | 8.00 | 105.00 | 113.00 | NOTE | |
r-patched-linux-x86_64 | 1.1-2 | 6.89 | 63.72 | 70.61 | NOTE | |
r-release-linux-x86_64 | 1.1-2 | 7.26 | 63.83 | 71.09 | NOTE | |
r-release-macos-arm64 | 1.1-2 | 77.00 | NOTE | |||
r-release-macos-x86_64 | 1.1-2 | 86.00 | NOTE | |||
r-release-windows-x86_64 | 1.1-2 | 8.00 | 100.00 | 108.00 | NOTE | |
r-oldrel-macos-arm64 | 1.1-2 | 52.00 | NOTE | |||
r-oldrel-macos-x86_64 | 1.1-2 | 115.00 | NOTE | |||
r-oldrel-windows-x86_64 | 1.1-2 | 9.00 | 104.00 | 113.00 | NOTE |
Version: 1.1-2
Check: Rd files
Result: NOTE
checkRd: (-1) mya.Rd:18: Lost braces in \itemize; \value handles \item{}{} directly
checkRd: (-1) mya.Rd:19: Lost braces in \itemize; \value handles \item{}{} directly
checkRd: (-1) mya.Rd:20: Lost braces in \itemize; \value handles \item{}{} directly
checkRd: (-1) mya.Rd:21: Lost braces in \itemize; \value handles \item{}{} directly
checkRd: (-1) mya.Rd:22: Lost braces in \itemize; \value handles \item{}{} directly
Flavors: r-devel-linux-x86_64-debian-clang, r-devel-linux-x86_64-debian-gcc, r-devel-linux-x86_64-fedora-clang, r-devel-linux-x86_64-fedora-gcc, r-devel-windows-x86_64, r-patched-linux-x86_64, r-release-linux-x86_64, r-release-macos-arm64, r-release-macos-x86_64, r-release-windows-x86_64, r-oldrel-macos-arm64, r-oldrel-macos-x86_64, r-oldrel-windows-x86_64