CRAN Package Check Results for Package conflr

Last updated on 2022-07-03 01:48:51 CEST.

Flavor Version Tinstall Tcheck Ttotal Status Flags
r-devel-linux-x86_64-debian-clang 0.1.1 3.80 35.25 39.05 NOTE
r-devel-linux-x86_64-debian-gcc 0.1.1 3.44 27.15 30.59 NOTE
r-devel-linux-x86_64-fedora-clang 0.1.1 57.54 NOTE
r-devel-linux-x86_64-fedora-gcc 0.1.1 79.82 NOTE
r-devel-windows-x86_64 0.1.1 21.00 65.00 86.00 NOTE
r-patched-linux-x86_64 0.1.1 4.24 33.79 38.03 NOTE
r-release-linux-x86_64 0.1.1 3.66 33.51 37.17 NOTE
r-release-macos-arm64 0.1.1 47.00 NOTE
r-release-macos-x86_64 0.1.1 71.00 NOTE
r-release-windows-x86_64 0.1.1 24.00 68.00 92.00 NOTE
r-oldrel-macos-arm64 0.1.1 25.00 NOTE
r-oldrel-macos-x86_64 0.1.1 38.00 NOTE
r-oldrel-windows-ix86+x86_64 0.1.1 10.00 59.00 69.00 NOTE

Check Details

Version: 0.1.1
Check: LazyData
Result: NOTE
     'LazyData' is specified without a 'data' directory
Flavors: r-devel-linux-x86_64-debian-clang, r-devel-linux-x86_64-debian-gcc, r-devel-linux-x86_64-fedora-clang, r-devel-linux-x86_64-fedora-gcc, r-devel-windows-x86_64, r-patched-linux-x86_64, r-release-linux-x86_64, r-release-macos-arm64, r-release-macos-x86_64, r-release-windows-x86_64, r-oldrel-macos-arm64, r-oldrel-macos-x86_64, r-oldrel-windows-ix86+x86_64

Version: 0.1.1
Check: dependencies in R code
Result: NOTE
    Namespace in Imports field not imported from: ‘R6’
     All declared Imports should be used.
Flavors: r-devel-linux-x86_64-fedora-clang, r-devel-linux-x86_64-fedora-gcc, r-release-macos-arm64, r-release-macos-x86_64, r-oldrel-macos-arm64, r-oldrel-macos-x86_64