Last updated on 2024-03-28 01:53:53 CET.
Flavor | Version | Tinstall | Tcheck | Ttotal | Status | Flags |
---|---|---|---|---|---|---|
r-devel-linux-x86_64-debian-clang | 0.2.1 | 4.28 | 52.10 | 56.38 | OK | |
r-devel-linux-x86_64-debian-gcc | 0.2.1 | 3.68 | 38.56 | 42.24 | OK | |
r-devel-linux-x86_64-fedora-clang | 0.2.1 | 74.88 | NOTE | |||
r-devel-linux-x86_64-fedora-gcc | 0.2.1 | 85.44 | OK | |||
r-devel-windows-x86_64 | 0.2.1 | 6.00 | 64.00 | 70.00 | OK | |
r-patched-linux-x86_64 | 0.2.1 | 5.71 | 47.92 | 53.63 | OK | |
r-release-linux-x86_64 | 0.2.1 | 4.75 | 47.61 | 52.36 | OK | |
r-release-macos-arm64 | 0.2.1 | 30.00 | OK | |||
r-release-macos-x86_64 | 0.2.1 | 87.00 | OK | |||
r-release-windows-x86_64 | 0.2.1 | 9.00 | 69.00 | 78.00 | OK | |
r-oldrel-macos-arm64 | 0.2.1 | 31.00 | OK | |||
r-oldrel-windows-x86_64 | 0.2.1 | 11.00 | 69.00 | 80.00 | OK |
Version: 0.2.1
Check: installed package size
Result: NOTE
installed size is 5.1Mb
sub-directories of 1Mb or more:
htmlwidgets 3.9Mb
Flavor: r-devel-linux-x86_64-fedora-clang