Last updated on 2024-04-23 01:56:55 CEST.
Flavor | Version | Tinstall | Tcheck | Ttotal | Status | Flags |
---|---|---|---|---|---|---|
r-devel-linux-x86_64-debian-clang | 1.0.4 | 8.69 | 63.27 | 71.96 | OK | |
r-devel-linux-x86_64-debian-gcc | 1.0.4 | 5.49 | 46.01 | 51.50 | OK | |
r-devel-linux-x86_64-fedora-clang | 1.0.4 | 91.34 | NOTE | |||
r-devel-linux-x86_64-fedora-gcc | 1.0.4 | 95.77 | NOTE | |||
r-prerel-macos-arm64 | 1.0.4 | 29.00 | OK | |||
r-prerel-windows-x86_64 | 1.0.4 | 9.00 | 65.00 | 74.00 | OK | |
r-patched-linux-x86_64 | 1.0.4 | 6.78 | 58.49 | 65.27 | OK | |
r-release-linux-x86_64 | 1.0.4 | 8.17 | 59.04 | 67.21 | OK | |
r-release-macos-arm64 | 1.0.4 | 33.00 | OK | |||
r-release-macos-x86_64 | 1.0.4 | 43.00 | OK | |||
r-release-windows-x86_64 | 1.0.4 | 9.00 | 75.00 | 84.00 | OK | |
r-oldrel-macos-arm64 | 1.0.4 | 29.00 | NOTE | |||
r-oldrel-windows-x86_64 | 1.0.4 | 11.00 | 77.00 | 88.00 | OK |
Version: 1.0.4
Check: dependencies in R code
Result: NOTE
Namespaces in Imports field not imported from:
‘scales’ ‘sna’
All declared Imports should be used.
Flavors: r-devel-linux-x86_64-fedora-clang, r-devel-linux-x86_64-fedora-gcc, r-oldrel-macos-arm64
Version: 1.0.4
Check: data for non-ASCII characters
Result: NOTE
Note: found 244 marked UTF-8 strings
Flavors: r-devel-linux-x86_64-fedora-clang, r-devel-linux-x86_64-fedora-gcc, r-oldrel-macos-arm64