Last updated on 2024-04-23 01:56:55 CEST.
Flavor | Version | Tinstall | Tcheck | Ttotal | Status | Flags |
---|---|---|---|---|---|---|
r-devel-linux-x86_64-debian-clang | 1.2.1 | 3.24 | 86.79 | 90.03 | OK | |
r-devel-linux-x86_64-debian-gcc | 1.2.1 | 2.57 | 62.26 | 64.83 | OK | |
r-devel-linux-x86_64-fedora-clang | 1.2.1 | 113.80 | NOTE | |||
r-devel-linux-x86_64-fedora-gcc | 1.2.1 | 131.53 | OK | |||
r-prerel-macos-arm64 | 1.2.1 | 36.00 | OK | |||
r-prerel-windows-x86_64 | 1.2.1 | 4.00 | 78.00 | 82.00 | OK | |
r-patched-linux-x86_64 | 1.2.1 | 3.80 | 81.97 | 85.77 | OK | |
r-release-linux-x86_64 | 1.2.1 | 3.26 | 332.63 | 335.89 | OK | |
r-release-macos-arm64 | 1.2.1 | 102.00 | OK | |||
r-release-macos-x86_64 | 1.2.1 | 357.00 | OK | |||
r-release-windows-x86_64 | 1.2.1 | 6.00 | 86.00 | 92.00 | OK | |
r-oldrel-macos-arm64 | 1.2.1 | 135.00 | OK | |||
r-oldrel-windows-x86_64 | 1.2.1 | 7.00 | 89.00 | 96.00 | OK |
Version: 1.2.1
Check: Rd cross-references
Result: NOTE
Undeclared package ‘ggplot2’ in Rd xrefs
Flavor: r-devel-linux-x86_64-fedora-clang