Last updated on 2024-04-18 01:55:09 CEST.
Flavor | Version | Tinstall | Tcheck | Ttotal | Status | Flags |
---|---|---|---|---|---|---|
r-devel-linux-x86_64-debian-clang | 1.0.5 | 38.91 | 35.96 | 74.87 | NOTE | |
r-devel-linux-x86_64-debian-gcc | 1.0.5 | 28.97 | 27.15 | 56.12 | NOTE | |
r-devel-linux-x86_64-fedora-clang | 1.0.5 | 114.71 | NOTE | |||
r-devel-linux-x86_64-fedora-gcc | 1.0.5 | 110.93 | NOTE | |||
r-prerel-macos-arm64 | 1.0.5 | 29.00 | NOTE | |||
r-prerel-windows-x86_64 | 1.0.5 | 29.00 | 66.00 | 95.00 | NOTE | |
r-patched-linux-x86_64 | 1.0.5 | 39.59 | 34.42 | 74.01 | NOTE | |
r-release-linux-x86_64 | 1.0.5 | 41.16 | 34.13 | 75.29 | NOTE | |
r-release-macos-arm64 | 1.0.5 | 34.00 | NOTE | |||
r-release-macos-x86_64 | 1.0.5 | 49.00 | NOTE | |||
r-release-windows-x86_64 | 1.0.5 | 39.00 | 75.00 | 114.00 | NOTE | |
r-oldrel-macos-arm64 | 1.0.5 | 32.00 | OK | |||
r-oldrel-windows-x86_64 | 1.0.5 | 38.00 | 74.00 | 112.00 | OK |
Version: 1.0.5
Check: C++ specification
Result: NOTE
Specified C++11: please drop specification unless essential
Flavors: r-devel-linux-x86_64-debian-clang, r-devel-linux-x86_64-debian-gcc, r-devel-linux-x86_64-fedora-clang, r-devel-linux-x86_64-fedora-gcc, r-prerel-macos-arm64, r-prerel-windows-x86_64, r-patched-linux-x86_64, r-release-linux-x86_64, r-release-macos-arm64, r-release-macos-x86_64, r-release-windows-x86_64
Version: 1.0.5
Check: Rd files
Result: NOTE
checkRd: (-1) getConvexHull.Rd:28: Lost braces in \itemize; meant \describe ?
checkRd: (-1) getConvexHull.Rd:29: Lost braces in \itemize; meant \describe ?
checkRd: (-1) getConvexHull.Rd:30: Lost braces in \itemize; meant \describe ?
Flavors: r-devel-linux-x86_64-debian-clang, r-devel-linux-x86_64-debian-gcc, r-devel-linux-x86_64-fedora-clang, r-devel-linux-x86_64-fedora-gcc, r-prerel-macos-arm64, r-prerel-windows-x86_64, r-patched-linux-x86_64
Version: 1.0.5
Check: compiled code
Result: NOTE
File ‘contoureR/libs/contoureR.so’:
Found no calls to: ‘R_registerRoutines’, ‘R_useDynamicSymbols’
It is good practice to register native routines and to disable symbol
search.
See ‘Writing portable packages’ in the ‘Writing R Extensions’ manual.
Flavors: r-devel-linux-x86_64-fedora-clang, r-devel-linux-x86_64-fedora-gcc