CRAN Package Check Results for Package copulareg

Last updated on 2022-08-12 01:50:00 CEST.

Flavor Version Tinstall Tcheck Ttotal Status Flags
r-devel-linux-x86_64-debian-clang 0.1.0 2.62 25.88 28.50 NOTE
r-devel-linux-x86_64-debian-gcc 0.1.0 2.07 20.05 22.12 NOTE
r-devel-linux-x86_64-fedora-clang 0.1.0 45.53 NOTE
r-devel-linux-x86_64-fedora-gcc 0.1.0 44.24 NOTE
r-devel-windows-x86_64 0.1.0 11.00 49.00 60.00 NOTE
r-patched-linux-x86_64 0.1.0 2.57 25.69 28.26 NOTE
r-release-linux-x86_64 0.1.0 1.90 25.38 27.28 NOTE
r-release-macos-arm64 0.1.0 14.00 NOTE
r-release-macos-x86_64 0.1.0 21.00 NOTE
r-release-windows-x86_64 0.1.0 12.00 51.00 63.00 NOTE
r-oldrel-macos-arm64 0.1.0 21.00 NOTE
r-oldrel-macos-x86_64 0.1.0 26.00 NOTE
r-oldrel-windows-ix86+x86_64 0.1.0 5.00 43.00 48.00 NOTE

Check Details

Version: 0.1.0
Check: LazyData
Result: NOTE
     'LazyData' is specified without a 'data' directory
Flavors: r-devel-linux-x86_64-debian-clang, r-devel-linux-x86_64-debian-gcc, r-devel-linux-x86_64-fedora-clang, r-devel-linux-x86_64-fedora-gcc, r-devel-windows-x86_64, r-patched-linux-x86_64, r-release-linux-x86_64, r-release-macos-arm64, r-release-macos-x86_64, r-release-windows-x86_64, r-oldrel-macos-arm64, r-oldrel-macos-x86_64, r-oldrel-windows-ix86+x86_64