Last updated on 2024-08-16 01:48:15 CEST.
Flavor | Version | Tinstall | Tcheck | Ttotal | Status | Flags |
---|---|---|---|---|---|---|
r-devel-linux-x86_64-debian-clang | 0.1.1 | 25.59 | 21.85 | 47.44 | OK | |
r-devel-linux-x86_64-debian-gcc | 0.1.1 | 17.17 | 17.55 | 34.72 | OK | |
r-devel-linux-x86_64-fedora-clang | 0.1.1 | 90.56 | NOTE | |||
r-devel-linux-x86_64-fedora-gcc | 0.1.1 | 90.24 | NOTE | |||
r-devel-windows-x86_64 | 0.1.1 | 29.00 | 61.00 | 90.00 | OK | |
r-patched-linux-x86_64 | 0.1.1 | 25.65 | 21.11 | 46.76 | OK | |
r-release-linux-x86_64 | 0.1.1 | 24.64 | 20.95 | 45.59 | OK | |
r-release-macos-arm64 | 0.1.1 | 26.00 | OK | |||
r-release-macos-x86_64 | 0.1.1 | 35.00 | OK | |||
r-release-windows-x86_64 | 0.1.1 | 29.00 | 60.00 | 89.00 | OK | |
r-oldrel-macos-arm64 | 0.1.1 | 28.00 | OK | |||
r-oldrel-macos-x86_64 | 0.1.1 | 44.00 | OK | |||
r-oldrel-windows-x86_64 | 0.1.1 | 35.00 | 66.00 | 101.00 | OK |
Version: 0.1.1
Check: compiled code
Result: NOTE
File ‘cord/libs/cord.so’:
Found no calls to: ‘R_registerRoutines’, ‘R_useDynamicSymbols’
It is good practice to register native routines and to disable symbol
search.
See ‘Writing portable packages’ in the ‘Writing R Extensions’ manual.
Flavors: r-devel-linux-x86_64-fedora-clang, r-devel-linux-x86_64-fedora-gcc