Last updated on 2025-11-12 01:48:55 CET.
| Flavor | Version | Tinstall | Tcheck | Ttotal | Status | Flags |
|---|---|---|---|---|---|---|
| r-devel-linux-x86_64-debian-clang | 1.3.3 | 25.86 | 291.64 | 317.50 | NOTE | |
| r-devel-linux-x86_64-debian-gcc | 1.3.3 | 17.47 | 186.47 | 203.94 | NOTE | |
| r-devel-linux-x86_64-fedora-clang | 1.3.3 | 65.00 | 424.26 | 489.26 | NOTE | |
| r-devel-linux-x86_64-fedora-gcc | 1.3.3 | 61.00 | 417.05 | 478.05 | NOTE | |
| r-devel-windows-x86_64 | 1.3.3 | 26.00 | 237.00 | 263.00 | NOTE | |
| r-patched-linux-x86_64 | 1.3.3 | 28.04 | 275.70 | 303.74 | NOTE | |
| r-release-linux-x86_64 | 1.3.3 | 27.43 | 275.59 | 303.02 | NOTE | |
| r-release-macos-arm64 | 1.3.3 | 12.00 | 108.00 | 120.00 | NOTE | |
| r-release-macos-x86_64 | 1.3.3 | 23.00 | 227.00 | 250.00 | NOTE | |
| r-release-windows-x86_64 | 1.3.3 | 27.00 | 235.00 | 262.00 | NOTE | |
| r-oldrel-macos-arm64 | 1.3.3 | 11.00 | 102.00 | 113.00 | NOTE | |
| r-oldrel-macos-x86_64 | 1.3.3 | 18.00 | 181.00 | 199.00 | NOTE | |
| r-oldrel-windows-x86_64 | 1.3.3 | 35.00 | 327.00 | 362.00 | NOTE |
Version: 1.3.3
Check: Rd files
Result: NOTE
checkRd: (-1) getSurface.Rd:22: Lost braces
22 | value \code{getSurface} shortens the output of \code{conv} to remove artificial surface layers. The output is thus a subset of the input, and identical in structure to the /code{conv} output.
| ^
Flavors: r-devel-linux-x86_64-debian-clang, r-devel-linux-x86_64-debian-gcc, r-devel-linux-x86_64-fedora-clang, r-devel-linux-x86_64-fedora-gcc, r-devel-windows-x86_64, r-patched-linux-x86_64, r-release-linux-x86_64, r-release-macos-arm64, r-release-macos-x86_64, r-release-windows-x86_64, r-oldrel-macos-arm64, r-oldrel-macos-x86_64, r-oldrel-windows-x86_64