Last updated on 2024-03-29 01:51:02 CET.
Flavor | Version | Tinstall | Tcheck | Ttotal | Status | Flags |
---|---|---|---|---|---|---|
r-devel-linux-x86_64-debian-clang | 0.8.6 | 4.97 | 46.60 | 51.57 | OK | |
r-devel-linux-x86_64-debian-gcc | 0.8.6 | 3.66 | 35.63 | 39.29 | OK | |
r-devel-linux-x86_64-fedora-clang | 0.8.6 | 67.99 | NOTE | |||
r-devel-linux-x86_64-fedora-gcc | 0.8.6 | 66.44 | NOTE | |||
r-devel-windows-x86_64 | 0.8.6 | 6.00 | 58.00 | 64.00 | OK | |
r-patched-linux-x86_64 | 0.8.6 | 4.96 | 45.71 | 50.67 | OK | |
r-release-linux-x86_64 | 0.8.6 | 3.71 | 45.50 | 49.21 | OK | |
r-release-macos-arm64 | 0.8.6 | 23.00 | OK | |||
r-release-macos-x86_64 | 0.8.6 | 34.00 | OK | |||
r-release-windows-x86_64 | 0.8.6 | 8.00 | 63.00 | 71.00 | OK | |
r-oldrel-macos-arm64 | 0.8.6 | 20.00 | NOTE | |||
r-oldrel-windows-x86_64 | 0.8.6 | 7.00 | 65.00 | 72.00 | OK |
Version: 0.8.6
Check: dependencies in R code
Result: NOTE
Namespaces in Imports field not imported from:
‘RColorBrewer’ ‘ggplot2’ ‘re2’ ‘rmarkdown’ ‘shinyWidgets’
‘shinydashboard’ ‘shinyjs’
All declared Imports should be used.
Flavors: r-devel-linux-x86_64-fedora-clang, r-devel-linux-x86_64-fedora-gcc, r-oldrel-macos-arm64