Last updated on 2023-06-11 01:53:30 CEST.
Flavor | Version | Tinstall | Tcheck | Ttotal | Status | Flags |
---|---|---|---|---|---|---|
r-devel-linux-x86_64-debian-clang | 0.2.0 | 17.86 | 192.72 | 210.58 | OK | |
r-devel-linux-x86_64-debian-gcc | 0.2.0 | 12.04 | 147.32 | 159.36 | OK | |
r-devel-linux-x86_64-fedora-clang | 0.2.0 | 268.75 | NOTE | |||
r-devel-linux-x86_64-fedora-gcc | 0.2.0 | 260.60 | NOTE | |||
r-devel-windows-x86_64 | 0.2.0 | 18.00 | 151.00 | 169.00 | OK | |
r-patched-linux-x86_64 | 0.2.0 | 17.05 | 182.37 | 199.42 | OK | |
r-release-linux-x86_64 | 0.2.0 | 15.16 | 181.86 | 197.02 | OK | |
r-release-macos-arm64 | 0.2.0 | 84.00 | OK | |||
r-release-macos-x86_64 | 0.2.0 | 143.00 | OK | |||
r-release-windows-x86_64 | 0.2.0 | 22.00 | 193.00 | 215.00 | OK | |
r-oldrel-macos-arm64 | 0.2.0 | 74.00 | NOTE | |||
r-oldrel-macos-x86_64 | 0.2.0 | 127.00 | NOTE | |||
r-oldrel-windows-x86_64 | 0.2.0 | 22.00 | 190.00 | 212.00 | OK |
Version: 0.2.0
Check: dependencies in R code
Result: NOTE
Namespace in Imports field not imported from: ‘utils’
All declared Imports should be used.
Flavors: r-devel-linux-x86_64-fedora-clang, r-devel-linux-x86_64-fedora-gcc, r-oldrel-macos-arm64, r-oldrel-macos-x86_64