CRAN Package Check Results for Package corrplot

Last updated on 2022-05-19 02:49:09 CEST.

Flavor Version Tinstall Tcheck Ttotal Status Flags
r-devel-linux-x86_64-debian-clang 0.92 3.15 56.59 59.74 OK
r-devel-linux-x86_64-debian-gcc 0.92 2.78 43.65 46.43 OK
r-devel-linux-x86_64-fedora-clang 0.92 72.40 NOTE
r-devel-linux-x86_64-fedora-gcc 0.92 70.97 OK
r-devel-windows-x86_64 0.92 27.00 85.00 112.00 OK
r-patched-linux-x86_64 0.92 3.95 54.18 58.13 OK
r-release-linux-x86_64 0.92 3.90 54.47 58.37 OK
r-release-macos-arm64 0.92 27.00 OK
r-release-macos-x86_64 0.92 40.00 OK
r-release-windows-x86_64 0.92 26.00 82.00 108.00 OK
r-oldrel-macos-arm64 0.92 37.00 OK
r-oldrel-macos-x86_64 0.92 72.00 OK
r-oldrel-windows-ix86+x86_64 0.92 10.00 74.00 84.00 OK

Check Details

Version: 0.92
Check: installed package size
Result: NOTE
     installed size is 5.0Mb
     sub-directories of 1Mb or more:
     doc 4.8Mb
Flavor: r-devel-linux-x86_64-fedora-clang