Last updated on 2025-05-09 01:50:01 CEST.
Flavor | Version | Tinstall | Tcheck | Ttotal | Status | Flags |
---|---|---|---|---|---|---|
r-devel-linux-x86_64-debian-clang | 0.1-5 | 1.88 | 25.75 | 27.63 | NOTE | |
r-devel-linux-x86_64-debian-gcc | 0.1-5 | 1.39 | 19.55 | 20.94 | NOTE | |
r-devel-linux-x86_64-fedora-clang | 0.1-5 | 42.40 | OK | |||
r-devel-linux-x86_64-fedora-gcc | 0.1-5 | 69.42 | OK | |||
r-devel-windows-x86_64 | 0.1-5 | 3.00 | 46.00 | 49.00 | OK | |
r-patched-linux-x86_64 | 0.1-5 | 1.81 | 24.68 | 26.49 | OK | |
r-release-linux-x86_64 | 0.1-5 | 1.79 | 25.09 | 26.88 | OK | |
r-release-macos-arm64 | 0.1-5 | 30.00 | OK | |||
r-release-macos-x86_64 | 0.1-5 | 67.00 | OK | |||
r-release-windows-x86_64 | 0.1-5 | 3.00 | 47.00 | 50.00 | OK | |
r-oldrel-macos-arm64 | 0.1-5 | 33.00 | OK | |||
r-oldrel-macos-x86_64 | 0.1-5 | 41.00 | OK | |||
r-oldrel-windows-x86_64 | 0.1-5 | 4.00 | 52.00 | 56.00 | OK |
Version: 0.1-5
Check: CRAN incoming feasibility
Result: NOTE
Maintainer: ‘Fran Urbano <viraltux@gmail.com>’
No Authors@R field in DESCRIPTION.
Please add one, modifying
Authors@R: person(given = "Fran",
family = "Urbano",
role = c("aut", "cre"),
email = "viraltux@gmail.com")
as necessary.
Flavors: r-devel-linux-x86_64-debian-clang, r-devel-linux-x86_64-debian-gcc